CRAN Package Check Results for Package ZIPG

Last updated on 2025-07-01 06:50:09 CEST.

Flavor Version Tinstall Tcheck Ttotal Status Flags
r-devel-linux-x86_64-debian-clang 1.1 3.13 26.21 29.34 OK
r-devel-linux-x86_64-debian-gcc 1.1 2.34 20.85 23.19 OK
r-devel-linux-x86_64-fedora-clang 1.1 45.14 NOTE
r-devel-linux-x86_64-fedora-gcc 1.1 42.43 NOTE
r-devel-windows-x86_64 1.1 4.00 47.00 51.00 OK
r-patched-linux-x86_64 OK
r-release-linux-x86_64 1.1 3.25 23.50 26.75 OK
r-release-macos-arm64 1.1 17.00 OK
r-release-macos-x86_64 1.1 29.00 OK
r-release-windows-x86_64 1.1 3.00 46.00 49.00 OK
r-oldrel-macos-arm64 1.1 17.00 OK
r-oldrel-macos-x86_64 1.1 25.00 OK
r-oldrel-windows-x86_64 1.1 5.00 51.00 56.00 OK

Check Details

Version: 1.1
Check: dependencies in R code
Result: NOTE Namespace in Imports field not imported from: ‘MASS’ All declared Imports should be used. Flavors: r-devel-linux-x86_64-fedora-clang, r-devel-linux-x86_64-fedora-gcc