CRAN Package Check Results for Package XDNUTS

Last updated on 2025-06-30 18:49:56 CEST.

Flavor Version Tinstall Tcheck Ttotal Status Flags
r-devel-linux-x86_64-debian-clang 1.6 166.14 173.73 339.87 OK
r-devel-linux-x86_64-debian-gcc 1.6 124.82 106.31 231.13 OK
r-devel-linux-x86_64-fedora-clang 1.6 593.22 OK
r-devel-linux-x86_64-fedora-gcc 1.6 627.97 OK
r-devel-windows-x86_64 1.6 184.00 183.00 367.00 OK
r-patched-linux-x86_64 OK
r-release-linux-x86_64 1.6 178.50 166.11 344.61 OK
r-release-macos-arm64 1.6 122.00 OK
r-release-macos-x86_64 1.6 231.00 OK
r-release-windows-x86_64 1.6 178.00 176.00 354.00 OK
r-oldrel-macos-arm64 1.6 142.00 NOTE
r-oldrel-macos-x86_64 1.6 210.00 NOTE
r-oldrel-windows-x86_64 1.6 215.00 244.00 459.00 OK

Check Details

Version: 1.6
Check: installed package size
Result: NOTE installed size is 15.9Mb sub-directories of 1Mb or more: doc 2.5Mb libs 13.2Mb Flavors: r-oldrel-macos-arm64, r-oldrel-macos-x86_64