Last updated on 2025-11-04 13:50:29 CET.
| Flavor | Version | Tinstall | Tcheck | Ttotal | Status | Flags |
|---|---|---|---|---|---|---|
| r-devel-linux-x86_64-debian-clang | 1.1.4 | 23.63 | 351.73 | 375.36 | OK | |
| r-devel-linux-x86_64-debian-gcc | 1.1.4 | 15.68 | 240.01 | 255.69 | OK | |
| r-devel-linux-x86_64-fedora-clang | 1.1.4 | 53.00 | 523.11 | 576.11 | OK | |
| r-devel-linux-x86_64-fedora-gcc | 1.1.4 | 48.00 | 513.69 | 561.69 | OK | |
| r-devel-windows-x86_64 | 1.1.4 | 25.00 | 316.00 | 341.00 | OK | |
| r-patched-linux-x86_64 | 1.1.4 | 24.01 | 331.99 | 356.00 | OK | |
| r-release-linux-x86_64 | 1.1.4 | 24.29 | 329.49 | 353.78 | OK | |
| r-release-macos-arm64 | 1.1.4 | 10.00 | 133.00 | 143.00 | OK | |
| r-release-macos-x86_64 | 1.1.4 | 18.00 | 264.00 | 282.00 | OK | |
| r-release-windows-x86_64 | 1.1.4 | 23.00 | 316.00 | 339.00 | OK | |
| r-oldrel-macos-arm64 | 1.1.4 | 10.00 | 134.00 | 144.00 | NOTE | |
| r-oldrel-macos-x86_64 | 1.1.4 | 14.00 | 199.00 | 213.00 | NOTE | |
| r-oldrel-windows-x86_64 | 1.1.4 | 34.00 | 421.00 | 455.00 | NOTE |
Version: 1.1.4
Check: installed package size
Result: NOTE
installed size is 5.4Mb
sub-directories of 1Mb or more:
doc 4.3Mb
Flavors: r-oldrel-macos-arm64, r-oldrel-macos-x86_64, r-oldrel-windows-x86_64