Last updated on 2024-08-16 06:50:15 CEST.
Flavor | Version | Tinstall | Tcheck | Ttotal | Status | Flags |
---|---|---|---|---|---|---|
r-devel-linux-x86_64-debian-clang | 2.5.0 | 28.56 | 119.84 | 148.40 | NOTE | |
r-devel-linux-x86_64-debian-gcc | 2.5.0 | 20.59 | 75.20 | 95.79 | NOTE | |
r-devel-linux-x86_64-fedora-clang | 2.5.0 | 234.02 | NOTE | |||
r-devel-linux-x86_64-fedora-gcc | 2.5.0 | 234.04 | NOTE | |||
r-devel-windows-x86_64 | 2.5.0 | 36.00 | 150.00 | 186.00 | NOTE | |
r-patched-linux-x86_64 | 2.5.0 | 32.00 | 111.11 | 143.11 | NOTE | |
r-release-linux-x86_64 | 2.5.0 | 28.25 | 109.73 | 137.98 | NOTE | |
r-release-macos-arm64 | 2.5.0 | 55.00 | NOTE | |||
r-release-macos-x86_64 | 2.5.0 | 92.00 | NOTE | |||
r-release-windows-x86_64 | 2.5.0 | 41.00 | 150.00 | 191.00 | NOTE | |
r-oldrel-macos-arm64 | 2.5.0 | 67.00 | OK | |||
r-oldrel-macos-x86_64 | 2.5.0 | 175.00 | OK | |||
r-oldrel-windows-x86_64 | 2.5.0 | 44.00 | 180.00 | 224.00 | OK |
Version: 2.5.0
Check: Rd files
Result: NOTE
checkRd: (-1) RVineMatrix.Rd:90: Lost braces in \itemize; \value handles \item{}{} directly
checkRd: (-1) RVineMatrix.Rd:91: Lost braces in \itemize; \value handles \item{}{} directly
checkRd: (-1) RVineMatrix.Rd:92: Lost braces in \itemize; \value handles \item{}{} directly
Flavors: r-devel-linux-x86_64-debian-clang, r-devel-linux-x86_64-debian-gcc, r-devel-linux-x86_64-fedora-clang, r-devel-linux-x86_64-fedora-gcc, r-devel-windows-x86_64, r-patched-linux-x86_64, r-release-linux-x86_64, r-release-macos-arm64, r-release-macos-x86_64, r-release-windows-x86_64
Version: 2.5.0
Check: Rd cross-references
Result: NOTE
Found the following Rd file(s) with Rd \link{} targets missing package
anchors:
BiCopKDE.Rd: wireframe
plot.BiCop.Rd: wireframe
Please provide package anchors for all Rd \link{} targets not in the
package itself and the base packages.
Flavors: r-devel-linux-x86_64-debian-clang, r-devel-linux-x86_64-debian-gcc, r-devel-windows-x86_64
Version: 2.5.0
Check: HTML version of manual
Result: NOTE
Found the following HTML validation problems:
RVineClarkeTest.html:56:32 (RVineClarkeTest.Rd:31): Warning: trimming empty <code>
RVineClarkeTest.html:68:32 (RVineClarkeTest.Rd:41): Warning: trimming empty <code>
Flavors: r-devel-linux-x86_64-debian-clang, r-devel-linux-x86_64-debian-gcc, r-devel-linux-x86_64-fedora-clang, r-devel-linux-x86_64-fedora-gcc, r-devel-windows-x86_64, r-patched-linux-x86_64, r-release-linux-x86_64, r-release-windows-x86_64
Version: 2.5.0
Check: Rd cross-references
Result: NOTE
Undeclared packages ‘foreach’, ‘copula’ in Rd xrefs
Flavor: r-devel-linux-x86_64-fedora-clang