Last updated on 2025-11-04 13:50:28 CET.
| Flavor | Version | Tinstall | Tcheck | Ttotal | Status | Flags |
|---|---|---|---|---|---|---|
| r-devel-linux-x86_64-debian-clang | 1.0.0 | 10.45 | 100.05 | 110.50 | NOTE | |
| r-devel-linux-x86_64-debian-gcc | 1.0.0 | 8.63 | 72.21 | 80.84 | NOTE | |
| r-devel-linux-x86_64-fedora-clang | 1.0.0 | 23.00 | 147.17 | 170.17 | NOTE | |
| r-devel-linux-x86_64-fedora-gcc | 1.0.0 | 22.00 | 138.40 | 160.40 | NOTE | |
| r-devel-windows-x86_64 | 1.0.0 | 12.00 | 104.00 | 116.00 | NOTE | |
| r-patched-linux-x86_64 | 1.0.0 | 10.48 | 96.04 | 106.52 | NOTE | |
| r-release-linux-x86_64 | 1.0.0 | 10.62 | 93.97 | 104.59 | NOTE | |
| r-release-macos-arm64 | 1.0.0 | 5.00 | 37.00 | 42.00 | NOTE | |
| r-release-macos-x86_64 | 1.0.0 | 9.00 | 75.00 | 84.00 | NOTE | |
| r-release-windows-x86_64 | 1.0.0 | 13.00 | 102.00 | 115.00 | NOTE | |
| r-oldrel-macos-arm64 | 1.0.0 | 5.00 | 38.00 | 43.00 | NOTE | |
| r-oldrel-macos-x86_64 | 1.0.0 | 9.00 | 69.00 | 78.00 | NOTE | |
| r-oldrel-windows-x86_64 | 1.0.0 | 17.00 | 134.00 | 151.00 | NOTE |
Version: 1.0.0
Check: Rd files
Result: NOTE
checkRd: (-1) ex121.Rd:18: Escaped LaTeX specials: \&
checkRd: (-1) ex124.Rd:18: Escaped LaTeX specials: \&
checkRd: (-1) ex125.Rd:18: Escaped LaTeX specials: \&
checkRd: (-1) ex127.Rd:18: Escaped LaTeX specials: \&
checkRd: (-1) ex32.Rd:18: Escaped LaTeX specials: \&
checkRd: (-1) ex33.Rd:18: Escaped LaTeX specials: \&
Flavors: r-devel-linux-x86_64-debian-clang, r-devel-linux-x86_64-debian-gcc, r-devel-linux-x86_64-fedora-clang, r-devel-linux-x86_64-fedora-gcc, r-devel-windows-x86_64, r-patched-linux-x86_64, r-release-linux-x86_64, r-release-macos-arm64, r-release-macos-x86_64, r-release-windows-x86_64, r-oldrel-macos-arm64, r-oldrel-macos-x86_64, r-oldrel-windows-x86_64
Version: 1.0.0
Check: dependencies in R code
Result: NOTE
Namespace in Imports field not imported from: ‘nlme’
All declared Imports should be used.
Flavors: r-devel-linux-x86_64-fedora-clang, r-devel-linux-x86_64-fedora-gcc