Last updated on 2024-06-15 17:57:48 CEST.
Flavor | Version | Tinstall | Tcheck | Ttotal | Status | Flags |
---|---|---|---|---|---|---|
r-devel-linux-x86_64-debian-clang | 1.1-11 | 131.05 | 743.97 | 875.02 | OK | |
r-devel-linux-x86_64-debian-gcc | 1.1-11 | 86.70 | 504.46 | 591.16 | OK | |
r-devel-linux-x86_64-fedora-clang | 1.1-11 | 1059.99 | NOTE | |||
r-devel-linux-x86_64-fedora-gcc | 1.1-11 | 976.03 | OK | |||
r-devel-windows-x86_64 | 1.1-11 | 111.00 | 635.00 | 746.00 | NOTE | |
r-patched-linux-x86_64 | 1.1-11 | 152.72 | 713.96 | 866.68 | OK | |
r-release-linux-x86_64 | 1.1-11 | 106.20 | 705.79 | 811.99 | OK | |
r-release-macos-arm64 | 1.1-11 | 235.00 | NOTE | |||
r-release-macos-x86_64 | 1.1-11 | 337.00 | NOTE | |||
r-release-windows-x86_64 | 1.1-11 | 104.00 | 628.00 | 732.00 | NOTE | |
r-oldrel-macos-arm64 | 1.1-11 | 226.00 | NOTE | |||
r-oldrel-macos-x86_64 | 1.1-11 | 788.00 | NOTE | |||
r-oldrel-windows-x86_64 | 1.1-11 | 108.00 | 774.00 | 882.00 | NOTE |
Version: 1.1-11
Check: installed package size
Result: NOTE
installed size is 8.3Mb
sub-directories of 1Mb or more:
R 4.3Mb
help 3.2Mb
Flavors: r-devel-linux-x86_64-fedora-clang, r-devel-windows-x86_64, r-release-macos-arm64, r-release-macos-x86_64, r-release-windows-x86_64, r-oldrel-macos-arm64, r-oldrel-macos-x86_64, r-oldrel-windows-x86_64