Last updated on 2024-08-16 06:50:14 CEST.
Flavor | Version | Tinstall | Tcheck | Ttotal | Status | Flags |
---|---|---|---|---|---|---|
r-devel-linux-x86_64-debian-clang | 1.4 | 5.79 | 32.34 | 38.13 | OK | |
r-devel-linux-x86_64-debian-gcc | 1.4 | 4.07 | 23.87 | 27.94 | OK | |
r-devel-linux-x86_64-fedora-clang | 1.4 | 61.79 | NOTE | |||
r-devel-linux-x86_64-fedora-gcc | 1.4 | 58.91 | NOTE | |||
r-devel-windows-x86_64 | 1.4 | 9.00 | 66.00 | 75.00 | OK | |
r-patched-linux-x86_64 | 1.4 | 7.17 | 30.54 | 37.71 | OK | |
r-release-linux-x86_64 | 1.4 | 5.28 | 30.89 | 36.17 | OK | |
r-release-macos-arm64 | 1.4 | 20.00 | OK | |||
r-release-macos-x86_64 | 1.4 | 36.00 | OK | |||
r-release-windows-x86_64 | 1.4 | 9.00 | 66.00 | 75.00 | OK | |
r-oldrel-macos-arm64 | 1.4 | 21.00 | OK | |||
r-oldrel-macos-x86_64 | 1.4 | 33.00 | OK | |||
r-oldrel-windows-x86_64 | 1.4 | 9.00 | 72.00 | 81.00 | OK |
Version: 1.4
Check: compiled code
Result: NOTE
File ‘TrialSize/libs/TrialSize.so’:
Found no calls to: ‘R_registerRoutines’, ‘R_useDynamicSymbols’
It is good practice to register native routines and to disable symbol
search.
See ‘Writing portable packages’ in the ‘Writing R Extensions’ manual.
Flavors: r-devel-linux-x86_64-fedora-clang, r-devel-linux-x86_64-fedora-gcc