Last updated on 2025-02-10 17:49:25 CET.
Flavor | Version | Tinstall | Tcheck | Ttotal | Status | Flags |
---|---|---|---|---|---|---|
r-devel-linux-x86_64-debian-clang | 1.0 | 1.63 | 18.66 | 20.29 | NOTE | |
r-devel-linux-x86_64-debian-gcc | 1.0 | 1.29 | 14.51 | 15.80 | NOTE | |
r-devel-linux-x86_64-fedora-clang | 1.0 | 35.22 | NOTE | |||
r-devel-linux-x86_64-fedora-gcc | 1.0 | 31.21 | NOTE | |||
r-devel-windows-x86_64 | 1.0 | 2.00 | 36.00 | 38.00 | NOTE | |
r-patched-linux-x86_64 | 1.0 | 1.40 | 18.11 | 19.51 | NOTE | |
r-release-linux-x86_64 | 1.0 | 1.44 | 17.98 | 19.42 | NOTE | |
r-release-macos-arm64 | 1.0 | 15.00 | NOTE | |||
r-release-macos-x86_64 | 1.0 | 19.00 | NOTE | |||
r-release-windows-x86_64 | 1.0 | 2.00 | 37.00 | 39.00 | NOTE | |
r-oldrel-macos-arm64 | 1.0 | 15.00 | NOTE | |||
r-oldrel-macos-x86_64 | 1.0 | 20.00 | NOTE | |||
r-oldrel-windows-x86_64 | 1.0 | 4.00 | 38.00 | 42.00 | NOTE |
Version: 1.0
Check: package subdirectories
Result: NOTE
Problems with news in ‘NEWS.md’:
No news entries found.
Flavors: r-devel-linux-x86_64-debian-clang, r-devel-linux-x86_64-debian-gcc, r-devel-linux-x86_64-fedora-clang, r-devel-linux-x86_64-fedora-gcc, r-devel-windows-x86_64, r-patched-linux-x86_64, r-release-linux-x86_64, r-release-macos-arm64, r-release-macos-x86_64, r-release-windows-x86_64, r-oldrel-macos-arm64, r-oldrel-macos-x86_64, r-oldrel-windows-x86_64