Last updated on 2025-11-26 05:51:54 CET.
| Flavor | Version | Tinstall | Tcheck | Ttotal | Status | Flags |
|---|---|---|---|---|---|---|
| r-devel-linux-x86_64-debian-clang | 0.1.0 | 6.54 | 55.93 | 62.47 | NOTE | |
| r-devel-linux-x86_64-debian-gcc | 0.1.0 | 4.61 | 40.34 | 44.95 | NOTE | |
| r-devel-linux-x86_64-fedora-clang | 0.1.0 | 16.00 | 81.29 | 97.29 | OK | |
| r-devel-linux-x86_64-fedora-gcc | 0.1.0 | 16.00 | 74.03 | 90.03 | OK | |
| r-devel-windows-x86_64 | 0.1.0 | 10.00 | 92.00 | 102.00 | OK | |
| r-patched-linux-x86_64 | 0.1.0 | 6.62 | 51.81 | 58.43 | OK | |
| r-release-linux-x86_64 | 0.1.0 | 6.71 | 52.83 | 59.54 | OK | |
| r-release-macos-arm64 | 0.1.0 | OK | ||||
| r-release-macos-x86_64 | 0.1.0 | 5.00 | 39.00 | 44.00 | OK | |
| r-release-windows-x86_64 | 0.1.0 | 9.00 | 65.00 | 74.00 | OK | |
| r-oldrel-macos-arm64 | 0.1.0 | OK | ||||
| r-oldrel-macos-x86_64 | 0.1.0 | 4.00 | 32.00 | 36.00 | OK | |
| r-oldrel-windows-x86_64 | 0.1.0 | 11.00 | 83.00 | 94.00 | OK |
Version: 0.1.0
Check: CRAN incoming feasibility
Result: NOTE
Maintainer: ‘Amit Sasson <amitsasson1@gmail.com>’
No Authors@R field in DESCRIPTION.
Please add one, modifying
Authors@R: person(given = "Amit",
family = "Sasson",
role = c("aut", "cre"),
email = "amitsasson1@gmail.com")
as necessary.
Flavors: r-devel-linux-x86_64-debian-clang, r-devel-linux-x86_64-debian-gcc