Last updated on 2025-05-15 18:51:02 CEST.
Flavor | Version | Tinstall | Tcheck | Ttotal | Status | Flags |
---|---|---|---|---|---|---|
r-devel-linux-x86_64-debian-clang | 0.1.3 | 11.96 | 113.71 | 125.67 | OK | |
r-devel-linux-x86_64-debian-gcc | 0.1.3 | 8.46 | 82.59 | 91.05 | OK | |
r-devel-linux-x86_64-fedora-clang | 0.1.3 | 193.06 | NOTE | |||
r-devel-linux-x86_64-fedora-gcc | 0.1.3 | 197.26 | NOTE | |||
r-devel-windows-x86_64 | 0.1.3 | 14.00 | 152.00 | 166.00 | OK | |
r-patched-linux-x86_64 | 0.1.3 | 12.08 | 107.40 | 119.48 | OK | |
r-release-linux-x86_64 | 0.1.3 | 12.04 | 106.94 | 118.98 | OK | |
r-release-macos-arm64 | 0.1.3 | 66.00 | OK | |||
r-release-macos-x86_64 | 0.1.3 | 136.00 | OK | |||
r-release-windows-x86_64 | 0.1.3 | 15.00 | 134.00 | 149.00 | OK | |
r-oldrel-macos-arm64 | 0.1.3 | 64.00 | OK | |||
r-oldrel-macos-x86_64 | 0.1.3 | 96.00 | OK | |||
r-oldrel-windows-x86_64 | 0.1.3 | 18.00 | 261.00 | 279.00 | OK |
Version: 0.1.3
Check: dependencies in R code
Result: NOTE
Namespaces in Imports field not imported from:
‘doParallel’ ‘forecast’ ‘parallel’ ‘tidyr’
All declared Imports should be used.
Flavors: r-devel-linux-x86_64-fedora-clang, r-devel-linux-x86_64-fedora-gcc