Last updated on 2025-05-15 18:51:02 CEST.
Flavor | Version | Tinstall | Tcheck | Ttotal | Status | Flags |
---|---|---|---|---|---|---|
r-devel-linux-x86_64-debian-clang | 0.1.1 | 2.69 | 32.51 | 35.20 | NOTE | |
r-devel-linux-x86_64-debian-gcc | 0.1.1 | 1.97 | 24.05 | 26.02 | NOTE | |
r-devel-linux-x86_64-fedora-clang | 0.1.1 | 53.68 | OK | |||
r-devel-linux-x86_64-fedora-gcc | 0.1.1 | 82.29 | OK | |||
r-devel-windows-x86_64 | 0.1.1 | 3.00 | 54.00 | 57.00 | OK | |
r-patched-linux-x86_64 | 0.1.1 | 2.57 | 31.22 | 33.79 | OK | |
r-release-linux-x86_64 | 0.1.1 | 2.30 | 30.58 | 32.88 | OK | |
r-release-macos-arm64 | 0.1.1 | 49.00 | OK | |||
r-release-macos-x86_64 | 0.1.1 | 85.00 | OK | |||
r-release-windows-x86_64 | 0.1.1 | 4.00 | 55.00 | 59.00 | OK | |
r-oldrel-macos-arm64 | 0.1.1 | 34.00 | OK | |||
r-oldrel-macos-x86_64 | 0.1.1 | 84.00 | OK | |||
r-oldrel-windows-x86_64 | 0.1.1 | 3.00 | 62.00 | 65.00 | OK |
Version: 0.1.1
Check: CRAN incoming feasibility
Result: NOTE
Maintainer: ‘Jacques Allard <jacques.allard@gmail.com>’
No Authors@R field in DESCRIPTION.
Please add one, modifying
Authors@R: c(person(given = "Jacques",
family = "Allard",
role = c("aut", "cre"),
email = "jacques.allard@gmail.com"),
person(given = "Vartan",
family = "Choulakian",
role = "aut"))
as necessary.
Flavors: r-devel-linux-x86_64-debian-clang, r-devel-linux-x86_64-debian-gcc