CRAN Package Check Results for Package TSstudio

Last updated on 2025-06-30 18:49:55 CEST.

Flavor Version Tinstall Tcheck Ttotal Status Flags
r-devel-linux-x86_64-debian-clang 0.1.7 8.80 76.88 85.68 OK
r-devel-linux-x86_64-debian-gcc 0.1.7 5.68 53.50 59.18 OK
r-devel-linux-x86_64-fedora-clang 0.1.7 139.67 NOTE
r-devel-linux-x86_64-fedora-gcc 0.1.7 139.22 NOTE
r-devel-windows-x86_64 0.1.7 10.00 97.00 107.00 OK
r-patched-linux-x86_64 OK
r-release-linux-x86_64 0.1.7 6.08 70.64 76.72 OK
r-release-macos-arm64 0.1.7 49.00 OK
r-release-macos-x86_64 0.1.7 113.00 OK
r-release-windows-x86_64 0.1.7 10.00 247.00 257.00 OK
r-oldrel-macos-arm64 0.1.7 41.00 OK
r-oldrel-macos-x86_64 0.1.7 98.00 OK
r-oldrel-windows-x86_64 0.1.7 14.00 249.00 263.00 OK

Check Details

Version: 0.1.7
Check: dependencies in R code
Result: NOTE Namespace in Imports field not imported from: ‘forecastHybrid’ All declared Imports should be used. Flavors: r-devel-linux-x86_64-fedora-clang, r-devel-linux-x86_64-fedora-gcc