Last updated on 2025-05-15 18:51:03 CEST.
Flavor | Version | Tinstall | Tcheck | Ttotal | Status | Flags |
---|---|---|---|---|---|---|
r-devel-linux-x86_64-debian-clang | 3.7.1 | 14.20 | 116.19 | 130.39 | NOTE | |
r-devel-linux-x86_64-debian-gcc | 3.7.1 | 11.53 | 88.97 | 100.50 | NOTE | |
r-devel-linux-x86_64-fedora-clang | 3.7.1 | 218.00 | NOTE | |||
r-devel-linux-x86_64-fedora-gcc | 3.7.1 | 212.60 | NOTE | |||
r-devel-windows-x86_64 | 3.7.1 | 16.00 | 129.00 | 145.00 | NOTE | |
r-patched-linux-x86_64 | 3.7.1 | 15.64 | 110.92 | 126.56 | NOTE | |
r-release-linux-x86_64 | 3.7.1 | 13.69 | 110.72 | 124.41 | NOTE | |
r-release-macos-arm64 | 3.7.1 | 85.00 | NOTE | |||
r-release-macos-x86_64 | 3.7.1 | 120.00 | NOTE | |||
r-release-windows-x86_64 | 3.7.1 | 17.00 | 126.00 | 143.00 | NOTE | |
r-oldrel-macos-arm64 | 3.7.1 | 82.00 | NOTE | |||
r-oldrel-macos-x86_64 | 3.7.1 | 90.00 | NOTE | |||
r-oldrel-windows-x86_64 | 3.7.1 | 24.00 | 155.00 | 179.00 | NOTE |
Version: 3.7.1
Check: CRAN incoming feasibility
Result: NOTE
Maintainer: ‘Usue Mori <usue.mori@ehu.eus>’
Package CITATION file contains call(s) to old-style personList() or
as.personList(). Please use c() on person objects instead.
Package CITATION file contains call(s) to old-style citEntry(). Please
use bibentry() instead.
Flavors: r-devel-linux-x86_64-debian-clang, r-devel-linux-x86_64-debian-gcc
Version: 3.7.1
Check: Rd files
Result: NOTE
checkRd: (-1) example.database2.Rd:18: Lost braces in \itemize; meant \describe ?
checkRd: (-1) example.database2.Rd:19: Lost braces in \itemize; meant \describe ?
checkRd: (-1) example.database3.Rd:18: Lost braces in \itemize; meant \describe ?
checkRd: (-1) example.database3.Rd:19: Lost braces in \itemize; meant \describe ?
Flavors: r-devel-linux-x86_64-debian-clang, r-devel-linux-x86_64-debian-gcc, r-devel-linux-x86_64-fedora-clang, r-devel-linux-x86_64-fedora-gcc, r-devel-windows-x86_64, r-patched-linux-x86_64, r-release-linux-x86_64, r-release-macos-arm64, r-release-macos-x86_64, r-release-windows-x86_64, r-oldrel-macos-arm64, r-oldrel-macos-x86_64, r-oldrel-windows-x86_64