Last updated on 2025-05-14 06:50:45 CEST.
Flavor | Version | Tinstall | Tcheck | Ttotal | Status | Flags |
---|---|---|---|---|---|---|
r-devel-linux-x86_64-debian-clang | 0.3.1 | 9.95 | 76.57 | 86.52 | NOTE | |
r-devel-linux-x86_64-debian-gcc | 0.3.1 | 7.22 | 55.15 | 62.37 | NOTE | |
r-devel-linux-x86_64-fedora-clang | 0.3.1 | 137.47 | OK | |||
r-devel-linux-x86_64-fedora-gcc | 0.3.1 | 127.84 | OK | |||
r-devel-windows-x86_64 | 0.3.1 | 12.00 | 219.00 | 231.00 | OK | |
r-patched-linux-x86_64 | 0.3.1 | 10.18 | 71.92 | 82.10 | OK | |
r-release-linux-x86_64 | 0.3.1 | 10.68 | 71.51 | 82.19 | OK | |
r-release-macos-arm64 | 0.3.1 | 37.00 | OK | |||
r-release-macos-x86_64 | 0.3.1 | 71.00 | OK | |||
r-release-windows-x86_64 | 0.3.1 | 13.00 | 175.00 | 188.00 | OK | |
r-oldrel-macos-arm64 | 0.3.1 | 46.00 | OK | |||
r-oldrel-macos-x86_64 | 0.3.1 | 62.00 | OK | |||
r-oldrel-windows-x86_64 | 0.3.1 | 16.00 | 109.00 | 125.00 | OK |
Version: 0.3.1
Check: CRAN incoming feasibility
Result: NOTE
Maintainer: ‘Arden Burrell <arden.burrell@gmail.com>’
Package CITATION file contains call(s) to old-style personList() or
as.personList(). Please use c() on person objects instead.
Package CITATION file contains call(s) to old-style citEntry(). Please
use bibentry() instead.
Flavors: r-devel-linux-x86_64-debian-clang, r-devel-linux-x86_64-debian-gcc