CRAN Package Check Results for Package TSF

Last updated on 2025-11-25 17:50:09 CET.

Flavor Version Tinstall Tcheck Ttotal Status Flags
r-devel-linux-x86_64-debian-clang 0.1.1 6.72 78.80 85.52 NOTE
r-devel-linux-x86_64-debian-gcc 0.1.1 5.29 56.94 62.23 NOTE
r-devel-linux-x86_64-fedora-clang 0.1.1 14.00 116.91 130.91 OK
r-devel-linux-x86_64-fedora-gcc 0.1.1 17.00 106.66 123.66 OK
r-devel-windows-x86_64 0.1.1 11.00 88.00 99.00 OK
r-patched-linux-x86_64 0.1.1 7.48 73.94 81.42 OK
r-release-linux-x86_64 0.1.1 6.98 73.43 80.41 OK
r-release-macos-arm64 0.1.1 OK
r-release-macos-x86_64 0.1.1 6.00 58.00 64.00 OK
r-release-windows-x86_64 0.1.1 10.00 128.00 138.00 OK
r-oldrel-macos-arm64 0.1.1 NOTE
r-oldrel-macos-x86_64 0.1.1 5.00 49.00 54.00 NOTE
r-oldrel-windows-x86_64 0.1.1 12.00 130.00 142.00 NOTE

Check Details

Version: 0.1.1
Check: CRAN incoming feasibility
Result: NOTE Maintainer: ‘Dr. Ranjit Kumar Paul <ranjitstat@gmail.com>’ No Authors@R field in DESCRIPTION. Please add one, modifying Authors@R: c(person(given = "Sandipan", family = "Samanta", role = "aut"), person(given = c("Ranjit", "Kumar"), family = "Paul", role = "aut"), person(given = "Dipankar", family = "Mitra", role = "aut"), person(given = c("Dr.", "Ranjit", "Kumar"), family = "Paul", role = "cre", email = "ranjitstat@gmail.com")) as necessary. Flavors: r-devel-linux-x86_64-debian-clang, r-devel-linux-x86_64-debian-gcc

Version: 0.1.1
Check: LazyData
Result: NOTE 'LazyData' is specified without a 'data' directory Flavors: r-oldrel-macos-arm64, r-oldrel-macos-x86_64, r-oldrel-windows-x86_64