Last updated on 2025-02-05 17:50:10 CET.
Flavor | Version | Tinstall | Tcheck | Ttotal | Status | Flags |
---|---|---|---|---|---|---|
r-devel-linux-x86_64-debian-clang | 0.1.0 | 2.35 | 19.59 | 21.94 | OK | |
r-devel-linux-x86_64-debian-gcc | 0.1.0 | 1.82 | 16.19 | 18.01 | OK | |
r-devel-linux-x86_64-fedora-clang | 0.1.0 | 36.59 | NOTE | |||
r-devel-linux-x86_64-fedora-gcc | 0.1.0 | 32.10 | NOTE | |||
r-devel-windows-x86_64 | 0.1.0 | 3.00 | 121.00 | 124.00 | OK | |
r-patched-linux-x86_64 | 0.1.0 | 2.24 | 18.33 | 20.57 | OK | |
r-release-linux-x86_64 | 0.1.0 | 2.24 | 18.45 | 20.69 | OK | |
r-release-macos-arm64 | 0.1.0 | 15.00 | OK | |||
r-release-macos-x86_64 | 0.1.0 | 22.00 | OK | |||
r-release-windows-x86_64 | 0.1.0 | 3.00 | 82.00 | 85.00 | OK | |
r-oldrel-macos-arm64 | 0.1.0 | 14.00 | OK | |||
r-oldrel-macos-x86_64 | 0.1.0 | 20.00 | OK | |||
r-oldrel-windows-x86_64 | 0.1.0 | 5.00 | 94.00 | 99.00 | OK |
Version: 0.1.0
Check: dependencies in R code
Result: NOTE
Namespace in Imports field not imported from: ‘stats’
All declared Imports should be used.
Flavors: r-devel-linux-x86_64-fedora-clang, r-devel-linux-x86_64-fedora-gcc