Last updated on 2025-06-30 18:49:55 CEST.
Flavor | Version | Tinstall | Tcheck | Ttotal | Status | Flags |
---|---|---|---|---|---|---|
r-devel-linux-x86_64-debian-clang | 0.1.1 | 8.93 | 64.69 | 73.62 | OK | |
r-devel-linux-x86_64-debian-gcc | 0.1.1 | 5.79 | 48.51 | 54.30 | OK | |
r-devel-linux-x86_64-fedora-clang | 0.1.1 | 120.41 | OK | |||
r-devel-linux-x86_64-fedora-gcc | 0.1.1 | 120.95 | OK | |||
r-devel-windows-x86_64 | 0.1.1 | 10.00 | 163.00 | 173.00 | OK | |
r-patched-linux-x86_64 | OK | |||||
r-release-linux-x86_64 | 0.1.1 | 8.03 | 60.49 | 68.52 | OK | |
r-release-macos-arm64 | 0.1.1 | 35.00 | OK | |||
r-release-macos-x86_64 | 0.1.1 | 73.00 | OK | |||
r-release-windows-x86_64 | 0.1.1 | 12.00 | 77.00 | 89.00 | OK | |
r-oldrel-macos-arm64 | 0.1.1 | 36.00 | NOTE | |||
r-oldrel-macos-x86_64 | 0.1.1 | 59.00 | NOTE | |||
r-oldrel-windows-x86_64 | 0.1.1 | 13.00 | 96.00 | 109.00 | NOTE |
Version: 0.1.1
Check: LazyData
Result: NOTE
'LazyData' is specified without a 'data' directory
Flavors: r-oldrel-macos-arm64, r-oldrel-macos-x86_64, r-oldrel-windows-x86_64