Last updated on 2025-11-04 13:50:27 CET.
| Flavor | Version | Tinstall | Tcheck | Ttotal | Status | Flags |
|---|---|---|---|---|---|---|
| r-devel-linux-x86_64-debian-clang | 0.1.4 | 187.50 | 190.24 | 377.74 | OK | |
| r-devel-linux-x86_64-debian-gcc | 0.1.4 | 136.01 | 139.73 | 275.74 | OK | |
| r-devel-linux-x86_64-fedora-clang | 0.1.4 | 660.00 | 39.09 | 699.09 | OK | |
| r-devel-linux-x86_64-fedora-gcc | 0.1.4 | 267.00 | 350.45 | 617.45 | OK | |
| r-devel-windows-x86_64 | 0.1.4 | 206.00 | 204.00 | 410.00 | OK | |
| r-patched-linux-x86_64 | 0.1.4 | 179.39 | 177.84 | 357.23 | OK | |
| r-release-linux-x86_64 | 0.1.4 | 179.03 | 179.21 | 358.24 | OK | |
| r-release-macos-arm64 | 0.1.4 | 67.00 | 49.00 | 116.00 | OK | |
| r-release-macos-x86_64 | 0.1.4 | 66.00 | 105.00 | 171.00 | OK | |
| r-release-windows-x86_64 | 0.1.4 | 204.00 | 201.00 | 405.00 | OK | |
| r-oldrel-macos-arm64 | 0.1.4 | 53.00 | 49.00 | 102.00 | NOTE | |
| r-oldrel-macos-x86_64 | 0.1.4 | 52.00 | 97.00 | 149.00 | NOTE | |
| r-oldrel-windows-x86_64 | 0.1.4 | 244.00 | 258.00 | 502.00 | OK |
Version: 0.1.4
Check: installed package size
Result: NOTE
installed size is 12.4Mb
sub-directories of 1Mb or more:
libs 11.8Mb
Flavors: r-oldrel-macos-arm64, r-oldrel-macos-x86_64