CRAN Package Check Results for Package SyScSelection

Last updated on 2025-02-05 17:50:09 CET.

Flavor Version Tinstall Tcheck Ttotal Status Flags
r-devel-linux-x86_64-debian-clang 1.0.2 2.23 23.99 26.22 OK
r-devel-linux-x86_64-debian-gcc 1.0.2 1.80 19.05 20.85 OK
r-devel-linux-x86_64-fedora-clang 1.0.2 46.12 OK
r-devel-linux-x86_64-fedora-gcc 1.0.2 54.69 OK
r-devel-windows-x86_64 1.0.2 3.00 48.00 51.00 OK
r-patched-linux-x86_64 1.0.2 2.15 22.85 25.00 NOTE
r-release-linux-x86_64 1.0.2 2.18 22.96 25.14 NOTE
r-release-macos-arm64 1.0.2 22.00 NOTE
r-release-macos-x86_64 1.0.2 35.00 NOTE
r-release-windows-x86_64 1.0.2 3.00 47.00 50.00 NOTE
r-oldrel-macos-arm64 1.0.2 21.00 NOTE
r-oldrel-macos-x86_64 1.0.2 32.00 NOTE
r-oldrel-windows-x86_64 1.0.2 5.00 47.00 52.00 NOTE

Check Details

Version: 1.0.2
Check: LazyData
Result: NOTE 'LazyData' is specified without a 'data' directory Flavors: r-patched-linux-x86_64, r-release-linux-x86_64, r-release-macos-arm64, r-release-macos-x86_64, r-release-windows-x86_64, r-oldrel-macos-arm64, r-oldrel-macos-x86_64, r-oldrel-windows-x86_64