Last updated on 2024-06-29 06:49:54 CEST.
Flavor | Version | Tinstall | Tcheck | Ttotal | Status | Flags |
---|---|---|---|---|---|---|
r-devel-linux-x86_64-debian-clang | 1.1.0 | 6.91 | 42.54 | 49.45 | NOTE | |
r-devel-linux-x86_64-debian-gcc | 1.1.0 | 5.21 | 32.38 | 37.59 | NOTE | |
r-devel-linux-x86_64-fedora-clang | 1.1.0 | 63.75 | NOTE | |||
r-devel-linux-x86_64-fedora-gcc | 1.1.0 | 72.23 | NOTE | |||
r-devel-windows-x86_64 | 1.1.0 | 10.00 | 56.00 | 66.00 | NOTE | |
r-patched-linux-x86_64 | 1.1.0 | 5.55 | 41.09 | 46.64 | NOTE | |
r-release-linux-x86_64 | 1.1.0 | 6.15 | 41.63 | 47.78 | NOTE | |
r-release-macos-arm64 | 1.1.0 | 28.00 | NOTE | |||
r-release-macos-x86_64 | 1.1.0 | 44.00 | NOTE | |||
r-release-windows-x86_64 | 1.1.0 | 9.00 | 57.00 | 66.00 | NOTE | |
r-oldrel-macos-arm64 | 1.1.0 | 28.00 | OK | |||
r-oldrel-macos-x86_64 | 1.1.0 | 41.00 | OK | |||
r-oldrel-windows-x86_64 | 1.1.0 | 10.00 | 60.00 | 70.00 | OK |
Version: 1.1.0
Check: Rd files
Result: NOTE
checkRd: (-1) plot.Rd:42: Lost braces; missing escapes or markup?
42 | \item{color.off}{color code; specifying the color for set(s) which are "{absent}" for an intersection.}
| ^
Flavors: r-devel-linux-x86_64-debian-clang, r-devel-linux-x86_64-debian-gcc, r-devel-linux-x86_64-fedora-clang, r-devel-linux-x86_64-fedora-gcc, r-devel-windows-x86_64, r-patched-linux-x86_64, r-release-linux-x86_64, r-release-macos-arm64, r-release-macos-x86_64, r-release-windows-x86_64