Last updated on 2025-02-05 17:50:09 CET.
Flavor | Version | Tinstall | Tcheck | Ttotal | Status | Flags |
---|---|---|---|---|---|---|
r-devel-linux-x86_64-debian-clang | 0.1.2 | 21.03 | 57.67 | 78.70 | OK | |
r-devel-linux-x86_64-debian-gcc | 0.1.2 | 23.00 | 39.60 | 62.60 | OK | |
r-devel-linux-x86_64-fedora-clang | 0.1.2 | 132.93 | NOTE | |||
r-devel-linux-x86_64-fedora-gcc | 0.1.2 | 132.45 | NOTE | |||
r-devel-windows-x86_64 | 0.1.2 | 24.00 | 79.00 | 103.00 | OK | |
r-patched-linux-x86_64 | 0.1.2 | 22.86 | 52.88 | 75.74 | OK | |
r-release-linux-x86_64 | 0.1.2 | 21.11 | 53.13 | 74.24 | OK | |
r-release-macos-arm64 | 0.1.2 | 51.00 | OK | |||
r-release-macos-x86_64 | 0.1.2 | 73.00 | OK | |||
r-release-windows-x86_64 | 0.1.2 | 24.00 | 78.00 | 102.00 | OK | |
r-oldrel-macos-arm64 | 0.1.2 | 60.00 | OK | |||
r-oldrel-macos-x86_64 | 0.1.2 | 80.00 | OK | |||
r-oldrel-windows-x86_64 | 0.1.2 | 26.00 | 87.00 | 113.00 | OK |
Version: 0.1.2
Check: dependencies in R code
Result: NOTE
Namespace in Imports field not imported from: ‘data.table’
All declared Imports should be used.
Flavors: r-devel-linux-x86_64-fedora-clang, r-devel-linux-x86_64-fedora-gcc