Last updated on 2024-08-16 06:50:13 CEST.
Flavor | Version | Tinstall | Tcheck | Ttotal | Status | Flags |
---|---|---|---|---|---|---|
r-devel-linux-x86_64-debian-clang | 0.1.0 | 12.99 | 111.06 | 124.05 | OK | |
r-devel-linux-x86_64-debian-gcc | 0.1.0 | 10.17 | 81.01 | 91.18 | OK | |
r-devel-linux-x86_64-fedora-clang | 0.1.0 | 198.70 | NOTE | |||
r-devel-linux-x86_64-fedora-gcc | 0.1.0 | 186.36 | NOTE | |||
r-devel-windows-x86_64 | 0.1.0 | 15.00 | 121.00 | 136.00 | OK | |
r-patched-linux-x86_64 | 0.1.0 | 12.22 | 104.81 | 117.03 | OK | |
r-release-linux-x86_64 | 0.1.0 | 11.92 | 106.70 | 118.62 | OK | |
r-release-macos-arm64 | 0.1.0 | 52.00 | OK | |||
r-release-macos-x86_64 | 0.1.0 | 79.00 | OK | |||
r-release-windows-x86_64 | 0.1.0 | 14.00 | 119.00 | 133.00 | OK | |
r-oldrel-macos-arm64 | 0.1.0 | 61.00 | OK | |||
r-oldrel-macos-x86_64 | 0.1.0 | 95.00 | OK | |||
r-oldrel-windows-x86_64 | 0.1.0 | 20.00 | 153.00 | 173.00 | OK |
Version: 0.1.0
Check: dependencies in R code
Result: NOTE
Namespaces in Imports field not imported from:
‘broom’ ‘car’ ‘lmerTest’ ‘pbkrtest’
All declared Imports should be used.
Flavors: r-devel-linux-x86_64-fedora-clang, r-devel-linux-x86_64-fedora-gcc