Last updated on 2024-08-16 06:50:13 CEST.
Flavor | Version | Tinstall | Tcheck | Ttotal | Status | Flags |
---|---|---|---|---|---|---|
r-devel-linux-x86_64-debian-clang | 1.0.5 | 12.48 | 265.78 | 278.26 | OK | |
r-devel-linux-x86_64-debian-gcc | 1.0.5 | 9.73 | 167.83 | 177.56 | OK | |
r-devel-linux-x86_64-fedora-clang | 1.0.5 | 447.06 | NOTE | |||
r-devel-linux-x86_64-fedora-gcc | 1.0.5 | 463.45 | OK | |||
r-devel-windows-x86_64 | 1.0.5 | 16.00 | 158.00 | 174.00 | NOTE | |
r-patched-linux-x86_64 | 1.0.5 | 13.98 | 252.22 | 266.20 | OK | |
r-release-linux-x86_64 | 1.0.5 | 13.18 | 255.21 | 268.39 | OK | |
r-release-macos-arm64 | 1.0.5 | 87.00 | NOTE | |||
r-release-macos-x86_64 | 1.0.5 | 139.00 | NOTE | |||
r-release-windows-x86_64 | 1.0.5 | 16.00 | 154.00 | 170.00 | NOTE | |
r-oldrel-macos-arm64 | 1.0.5 | 97.00 | NOTE | |||
r-oldrel-macos-x86_64 | 1.0.5 | 164.00 | NOTE | |||
r-oldrel-windows-x86_64 | 1.0.5 | 19.00 | 195.00 | 214.00 | NOTE |
Version: 1.0.5
Check: installed package size
Result: NOTE
installed size is 5.7Mb
sub-directories of 1Mb or more:
doc 5.0Mb
Flavors: r-devel-linux-x86_64-fedora-clang, r-devel-windows-x86_64, r-release-macos-arm64, r-release-macos-x86_64, r-release-windows-x86_64, r-oldrel-macos-arm64, r-oldrel-macos-x86_64, r-oldrel-windows-x86_64