Last updated on 2025-11-26 05:51:53 CET.
| Flavor | Version | Tinstall | Tcheck | Ttotal | Status | Flags |
|---|---|---|---|---|---|---|
| r-devel-linux-x86_64-debian-clang | 2.1.0 | 5.29 | 52.89 | 58.18 | NOTE | |
| r-devel-linux-x86_64-debian-gcc | 2.1.0 | 3.82 | 39.57 | 43.39 | NOTE | |
| r-devel-linux-x86_64-fedora-clang | 2.1.0 | 12.00 | 78.67 | 90.67 | OK | |
| r-devel-linux-x86_64-fedora-gcc | 2.1.0 | 11.00 | 74.17 | 85.17 | OK | |
| r-devel-windows-x86_64 | 2.1.0 | 7.00 | 69.00 | 76.00 | OK | |
| r-patched-linux-x86_64 | 2.1.0 | 5.41 | 50.62 | 56.03 | OK | |
| r-release-linux-x86_64 | 2.1.0 | 5.25 | 52.16 | 57.41 | OK | |
| r-release-macos-arm64 | 2.1.0 | OK | ||||
| r-release-macos-x86_64 | 2.1.0 | 5.00 | 50.00 | 55.00 | OK | |
| r-release-windows-x86_64 | 2.1.0 | 6.00 | 88.00 | 94.00 | OK | |
| r-oldrel-macos-arm64 | 2.1.0 | OK | ||||
| r-oldrel-macos-x86_64 | 2.1.0 | 3.00 | 39.00 | 42.00 | OK | |
| r-oldrel-windows-x86_64 | 2.1.0 | 8.00 | 81.00 | 89.00 | OK |
Version: 2.1.0
Check: CRAN incoming feasibility
Result: NOTE
Maintainer: ‘Sergio Garofalo <sergio.garofalo96@gmail.com>’
No Authors@R field in DESCRIPTION.
Please add one, modifying
Authors@R: person(given = "Sergio",
family = "Garofalo",
role = c("aut", "cre"),
email = "sergio.garofalo96@gmail.com")
as necessary.
Flavors: r-devel-linux-x86_64-debian-clang, r-devel-linux-x86_64-debian-gcc