Last updated on 2025-11-26 05:51:53 CET.
| Flavor | Version | Tinstall | Tcheck | Ttotal | Status | Flags |
|---|---|---|---|---|---|---|
| r-devel-linux-x86_64-debian-clang | 0.4.1 | 16.59 | 196.56 | 213.15 | NOTE | |
| r-devel-linux-x86_64-debian-gcc | 0.4.1 | 11.50 | 143.19 | 154.69 | NOTE | |
| r-devel-linux-x86_64-fedora-clang | 0.4.1 | 82.00 | 277.31 | 359.31 | OK | |
| r-devel-linux-x86_64-fedora-gcc | 0.4.1 | 33.00 | 302.80 | 335.80 | OK | |
| r-devel-windows-x86_64 | 0.4.1 | 23.00 | 225.00 | 248.00 | OK | |
| r-patched-linux-x86_64 | 0.4.1 | 17.86 | 186.76 | 204.62 | OK | |
| r-release-linux-x86_64 | 0.4.1 | 16.76 | 187.71 | 204.47 | OK | |
| r-release-macos-arm64 | 0.4.1 | OK | ||||
| r-release-macos-x86_64 | 0.4.1 | 15.00 | 185.00 | 200.00 | OK | |
| r-release-windows-x86_64 | 0.4.1 | 18.00 | 273.00 | 291.00 | OK | |
| r-oldrel-macos-arm64 | 0.4.1 | OK | ||||
| r-oldrel-macos-x86_64 | 0.4.1 | 11.00 | 140.00 | 151.00 | OK | |
| r-oldrel-windows-x86_64 | 0.4.1 | 24.00 | 270.00 | 294.00 | OK |
Version: 0.4.1
Check: CRAN incoming feasibility
Result: NOTE
Maintainer: ‘Andres Villegas <andresmauriciovillegas@gmail.com>’
No Authors@R field in DESCRIPTION.
Please add one, modifying
Authors@R: c(person(given = "Andres",
family = "Villegas",
role = c("aut", "cre"),
email = "andresmauriciovillegas@gmail.com"),
person(given = "Pietro",
family = "Millossovich",
role = "aut",
email = "Pietro.Millossovich.1@city.ac.uk"),
person(given = "Vladimir",
family = "Kaishev",
role = "aut",
email = "Vladimir.Kaishev.1@city.ac.uk"))
as necessary.
Found the following (possibly) invalid file URI:
URI: www.mortality.org
From: man/EWMaleData.Rd
Flavors: r-devel-linux-x86_64-debian-clang, r-devel-linux-x86_64-debian-gcc