Last updated on 2025-06-30 18:49:53 CEST.
Flavor | Version | Tinstall | Tcheck | Ttotal | Status | Flags |
---|---|---|---|---|---|---|
r-devel-linux-x86_64-debian-clang | 0.1.1 | 6.81 | 361.64 | 368.45 | NOTE | |
r-devel-linux-x86_64-debian-gcc | 0.1.1 | 4.99 | 220.24 | 225.23 | NOTE | |
r-devel-linux-x86_64-fedora-clang | 0.1.1 | 597.13 | OK | |||
r-devel-linux-x86_64-fedora-gcc | 0.1.1 | 587.66 | OK | |||
r-devel-windows-x86_64 | 0.1.1 | 9.00 | 301.00 | 310.00 | OK | |
r-patched-linux-x86_64 | OK | |||||
r-release-linux-x86_64 | 0.1.1 | 6.44 | 341.88 | 348.32 | OK | |
r-release-macos-arm64 | 0.1.1 | 146.00 | OK | |||
r-release-macos-x86_64 | 0.1.1 | 336.00 | OK | |||
r-release-windows-x86_64 | 0.1.1 | 9.00 | 311.00 | 320.00 | OK | |
r-oldrel-macos-arm64 | 0.1.1 | 141.00 | OK | |||
r-oldrel-macos-x86_64 | 0.1.1 | 266.00 | OK | |||
r-oldrel-windows-x86_64 | 0.1.1 | 11.00 | 454.00 | 465.00 | OK |
Version: 0.1.1
Check: CRAN incoming feasibility
Result: NOTE
Maintainer: ‘Jilber Urbina <JilberUrbina@gmail.com>’
No Authors@R field in DESCRIPTION.
Please add one, modifying
Authors@R: person(given = "Jilber",
family = "Urbina",
role = c("aut", "cre"),
email = "jilberurbina@gmail.com")
as necessary.
Flavors: r-devel-linux-x86_64-debian-clang, r-devel-linux-x86_64-debian-gcc