Last updated on 2024-06-29 06:49:54 CEST.
Flavor | Version | Tinstall | Tcheck | Ttotal | Status | Flags |
---|---|---|---|---|---|---|
r-devel-linux-x86_64-debian-clang | 1.2 | 57.72 | 81.85 | 139.57 | OK | |
r-devel-linux-x86_64-debian-gcc | 1.2 | 42.53 | 63.88 | 106.41 | OK | |
r-devel-linux-x86_64-fedora-clang | 1.2 | 190.09 | OK | |||
r-devel-linux-x86_64-fedora-gcc | 1.2 | 213.07 | OK | |||
r-devel-windows-x86_64 | 1.2 | 48.00 | 100.00 | 148.00 | OK | |
r-patched-linux-x86_64 | 1.2 | 48.76 | 79.10 | 127.86 | OK | |
r-release-linux-x86_64 | 1.2 | 55.34 | 80.88 | 136.22 | OK | |
r-release-macos-arm64 | 1.2 | 67.00 | NOTE | |||
r-release-macos-x86_64 | 1.2 | 87.00 | NOTE | |||
r-release-windows-x86_64 | 1.2 | 47.00 | 96.00 | 143.00 | OK | |
r-oldrel-macos-arm64 | 1.2 | 103.00 | NOTE | |||
r-oldrel-macos-x86_64 | 1.2 | 156.00 | NOTE | |||
r-oldrel-windows-x86_64 | 1.2 | 58.00 | 122.00 | 180.00 | OK |
Version: 1.2
Check: installed package size
Result: NOTE
installed size is 5.6Mb
sub-directories of 1Mb or more:
libs 5.3Mb
Flavors: r-release-macos-arm64, r-release-macos-x86_64, r-oldrel-macos-arm64, r-oldrel-macos-x86_64