Last updated on 2025-05-15 18:51:00 CEST.
Flavor | Version | Tinstall | Tcheck | Ttotal | Status | Flags |
---|---|---|---|---|---|---|
r-devel-linux-x86_64-debian-clang | 1.1.4 | 7.22 | 57.90 | 65.12 | NOTE | |
r-devel-linux-x86_64-debian-gcc | 1.1.4 | 4.82 | 41.06 | 45.88 | NOTE | |
r-devel-linux-x86_64-fedora-clang | 1.1.4 | 100.85 | OK | |||
r-devel-linux-x86_64-fedora-gcc | 1.1.4 | 108.15 | OK | |||
r-devel-windows-x86_64 | 1.1.4 | 10.00 | 67.00 | 77.00 | OK | |
r-patched-linux-x86_64 | 1.1.4 | 5.43 | 52.31 | 57.74 | OK | |
r-release-linux-x86_64 | 1.1.4 | 6.61 | 52.74 | 59.35 | OK | |
r-release-macos-arm64 | 1.1.4 | 42.00 | OK | |||
r-release-macos-x86_64 | 1.1.4 | 66.00 | OK | |||
r-release-windows-x86_64 | 1.1.4 | 10.00 | 68.00 | 78.00 | OK | |
r-oldrel-macos-arm64 | 1.1.4 | 35.00 | OK | |||
r-oldrel-macos-x86_64 | 1.1.4 | 67.00 | OK | |||
r-oldrel-windows-x86_64 | 1.1.4 | 11.00 | 82.00 | 93.00 | OK |
Version: 1.1.4
Check: CRAN incoming feasibility
Result: NOTE
Maintainer: ‘Christine Blume <christine.blume@sbg.ac.at>’
Package CITATION file contains call(s) to old-style citEntry(). Please
use bibentry() instead.
Flavors: r-devel-linux-x86_64-debian-clang, r-devel-linux-x86_64-debian-gcc