Last updated on 2025-02-10 17:49:23 CET.
Flavor | Version | Tinstall | Tcheck | Ttotal | Status | Flags |
---|---|---|---|---|---|---|
r-devel-linux-x86_64-debian-clang | 0.1.3 | 36.08 | 32.91 | 68.99 | NOTE | |
r-devel-linux-x86_64-debian-gcc | 0.1.3 | 23.62 | 26.51 | 50.13 | NOTE | |
r-devel-linux-x86_64-fedora-clang | 0.1.3 | 140.54 | NOTE | |||
r-devel-linux-x86_64-fedora-gcc | 0.1.3 | 138.98 | NOTE | |||
r-devel-windows-x86_64 | 0.1.3 | 41.00 | 80.00 | 121.00 | NOTE | |
r-patched-linux-x86_64 | 0.1.3 | 34.91 | 31.78 | 66.69 | NOTE | |
r-release-linux-x86_64 | 0.1.3 | 34.09 | 31.70 | 65.79 | NOTE | |
r-release-macos-arm64 | 0.1.3 | 42.00 | NOTE | |||
r-release-macos-x86_64 | 0.1.3 | 58.00 | NOTE | |||
r-release-windows-x86_64 | 0.1.3 | 39.00 | 81.00 | 120.00 | NOTE | |
r-oldrel-macos-arm64 | 0.1.3 | 53.00 | NOTE | |||
r-oldrel-macos-x86_64 | 0.1.3 | 78.00 | NOTE | |||
r-oldrel-windows-x86_64 | 0.1.3 | 47.00 | 93.00 | 140.00 | NOTE |
Version: 0.1.3
Check: C++ specification
Result: NOTE
Specified C++14: please drop specification unless essential
Flavors: r-devel-linux-x86_64-debian-clang, r-devel-linux-x86_64-debian-gcc, r-devel-linux-x86_64-fedora-clang, r-devel-linux-x86_64-fedora-gcc, r-devel-windows-x86_64, r-patched-linux-x86_64, r-release-linux-x86_64, r-release-macos-arm64, r-release-macos-x86_64, r-release-windows-x86_64, r-oldrel-macos-arm64, r-oldrel-macos-x86_64, r-oldrel-windows-x86_64