Last updated on 2025-06-30 18:49:52 CEST.
Flavor | Version | Tinstall | Tcheck | Ttotal | Status | Flags |
---|---|---|---|---|---|---|
r-devel-linux-x86_64-debian-clang | 1.14.0 | 66.29 | 345.75 | 412.04 | OK | |
r-devel-linux-x86_64-debian-gcc | 1.14.0 | 46.45 | 248.67 | 295.12 | OK | |
r-devel-linux-x86_64-fedora-clang | 1.14.0 | 701.13 | OK | |||
r-devel-linux-x86_64-fedora-gcc | 1.14.0 | 659.21 | OK | |||
r-devel-windows-x86_64 | 1.14.0 | 72.00 | 335.00 | 407.00 | OK | |
r-patched-linux-x86_64 | OK | |||||
r-release-linux-x86_64 | 1.14.0 | 63.05 | 331.41 | 394.46 | OK | |
r-release-macos-arm64 | 1.14.0 | 162.00 | OK | |||
r-release-macos-x86_64 | 1.14.0 | 323.00 | OK | |||
r-release-windows-x86_64 | 1.14.0 | 74.00 | 343.00 | 417.00 | OK | |
r-oldrel-macos-arm64 | 1.14.0 | 171.00 | NOTE | |||
r-oldrel-macos-x86_64 | 1.14.0 | 496.00 | NOTE | |||
r-oldrel-windows-x86_64 | 1.14.0 | 93.00 | 549.00 | 642.00 | OK |
Version: 1.14.0
Check: installed package size
Result: NOTE
installed size is 5.1Mb
sub-directories of 1Mb or more:
R 2.1Mb
libs 1.9Mb
Flavors: r-oldrel-macos-arm64, r-oldrel-macos-x86_64