Last updated on 2025-02-10 17:49:24 CET.
Flavor | Version | Tinstall | Tcheck | Ttotal | Status | Flags |
---|---|---|---|---|---|---|
r-devel-linux-x86_64-debian-clang | 2.2.5.1 | 22.46 | 179.36 | 201.82 | NOTE | |
r-devel-linux-x86_64-debian-gcc | 2.2.5.1 | 14.39 | 128.49 | 142.88 | NOTE | |
r-devel-linux-x86_64-fedora-clang | 2.2.5.1 | 322.20 | OK | |||
r-devel-linux-x86_64-fedora-gcc | 2.2.5.1 | 291.73 | OK | |||
r-devel-windows-x86_64 | 2.2.5.1 | 22.00 | 202.00 | 224.00 | NOTE | |
r-patched-linux-x86_64 | 2.2.5.1 | 28.76 | 166.65 | 195.41 | OK | |
r-release-linux-x86_64 | 2.2.5.1 | 19.29 | 168.93 | 188.22 | OK | |
r-release-macos-arm64 | 2.2.5.1 | 97.00 | OK | |||
r-release-macos-x86_64 | 2.2.5.1 | 146.00 | OK | |||
r-release-windows-x86_64 | 2.2.5.1 | 26.00 | 201.00 | 227.00 | OK | |
r-oldrel-macos-arm64 | 2.2.5.1 | 98.00 | OK | |||
r-oldrel-macos-x86_64 | 2.2.5.1 | 211.00 | OK | |||
r-oldrel-windows-x86_64 | 2.2.5.1 | 33.00 | 241.00 | 274.00 | OK |
Version: 2.2.5.1
Check: Rd cross-references
Result: NOTE
Found the following Rd file(s) with Rd \link{} targets missing package
anchors:
import_local_nut.Rd: rem_reps, all_params, all_params_dtrng,
single_param
Please provide package anchors for all Rd \link{} targets not in the
package itself and the base packages.
Flavors: r-devel-linux-x86_64-debian-clang, r-devel-linux-x86_64-debian-gcc, r-devel-windows-x86_64