Last updated on 2025-05-15 18:51:01 CEST.
Flavor | Version | Tinstall | Tcheck | Ttotal | Status | Flags |
---|---|---|---|---|---|---|
r-devel-linux-x86_64-debian-clang | 0.1.1 | 5.95 | 137.62 | 143.57 | NOTE | |
r-devel-linux-x86_64-debian-gcc | 0.1.1 | 5.03 | 102.54 | 107.57 | NOTE | |
r-devel-linux-x86_64-fedora-clang | 0.1.1 | 224.72 | OK | |||
r-devel-linux-x86_64-fedora-gcc | 0.1.1 | 252.17 | OK | |||
r-devel-windows-x86_64 | 0.1.1 | 7.00 | 173.00 | 180.00 | OK | |
r-patched-linux-x86_64 | 0.1.1 | 5.51 | 132.75 | 138.26 | OK | |
r-release-linux-x86_64 | 0.1.1 | 5.93 | 133.91 | 139.84 | OK | |
r-release-macos-arm64 | 0.1.1 | 86.00 | OK | |||
r-release-macos-x86_64 | 0.1.1 | 170.00 | OK | |||
r-release-windows-x86_64 | 0.1.1 | 8.00 | 176.00 | 184.00 | OK | |
r-oldrel-macos-arm64 | 0.1.1 | 72.00 | OK | |||
r-oldrel-macos-x86_64 | 0.1.1 | 124.00 | OK | |||
r-oldrel-windows-x86_64 | 0.1.1 | 10.00 | 207.00 | 217.00 | OK |
Version: 0.1.1
Check: CRAN incoming feasibility
Result: NOTE
Maintainer: ‘Miki Horiguchi <horiguchimiki@gmail.com>’
No Authors@R field in DESCRIPTION.
Please add one, modifying
Authors@R: c(person(given = "Miki",
family = "Horiguchi",
role = c("aut", "cre"),
email = "horiguchimiki@gmail.com"),
person(given = "Hajime",
family = "Uno",
role = "aut"))
as necessary.
Flavors: r-devel-linux-x86_64-debian-clang, r-devel-linux-x86_64-debian-gcc