CRAN Package Check Results for Package SRCS

Last updated on 2025-02-10 17:49:23 CET.

Flavor Version Tinstall Tcheck Ttotal Status Flags
r-devel-linux-x86_64-debian-clang 1.1 4.19 31.70 35.89 NOTE
r-devel-linux-x86_64-debian-gcc 1.1 3.04 24.86 27.90 NOTE
r-devel-linux-x86_64-fedora-clang 1.1 60.37 NOTE
r-devel-linux-x86_64-fedora-gcc 1.1 67.87 NOTE
r-devel-windows-x86_64 1.1 6.00 54.00 60.00 NOTE
r-patched-linux-x86_64 1.1 4.07 30.08 34.15 NOTE
r-release-linux-x86_64 1.1 4.12 30.55 34.67 NOTE
r-release-macos-arm64 1.1 26.00 NOTE
r-release-macos-x86_64 1.1 44.00 NOTE
r-release-windows-x86_64 1.1 5.00 54.00 59.00 NOTE
r-oldrel-macos-arm64 1.1 26.00 OK
r-oldrel-macos-x86_64 1.1 42.00 OK
r-oldrel-windows-x86_64 1.1 6.00 62.00 68.00 OK

Check Details

Version: 1.1
Check: Rd files
Result: NOTE checkRd: (-1) plot.SRCS.Rd:48-50: Lost braces in \itemize; meant \describe ? checkRd: (-1) plot.SRCS.Rd:51: Lost braces in \itemize; meant \describe ? checkRd: (-1) plot.SRCS.Rd:52-53: Lost braces in \itemize; meant \describe ? checkRd: (-1) plot.SRCS.Rd:54: Lost braces in \itemize; meant \describe ? checkRd: (-1) plot.SRCS.Rd:55: Lost braces in \itemize; meant \describe ? checkRd: (-1) plot.SRCS.Rd:56-58: Lost braces in \itemize; meant \describe ? checkRd: (-1) plot.SRCS.Rd:59-60: Lost braces in \itemize; meant \describe ? checkRd: (-1) plot.SRCS.Rd:61-62: Lost braces in \itemize; meant \describe ? checkRd: (-1) plot.SRCS.Rd:63-64: Lost braces in \itemize; meant \describe ? checkRd: (-1) plot.SRCS.Rd:65-66: Lost braces in \itemize; meant \describe ? checkRd: (-1) plot.SRCS.Rd:72-73: Lost braces in \itemize; meant \describe ? checkRd: (-1) plot.SRCS.Rd:74-75: Lost braces in \itemize; meant \describe ? checkRd: (-1) plot.SRCS.Rd:76: Lost braces in \itemize; meant \describe ? checkRd: (-1) plot.SRCS.Rd:77-79: Lost braces in \itemize; meant \describe ? checkRd: (-1) plot.SRCS.Rd:80-81: Lost braces in \itemize; meant \describe ? checkRd: (-1) plot.SRCS.Rd:82: Lost braces in \itemize; meant \describe ? checkRd: (-1) plot.SRCS.Rd:87-88: Lost braces in \itemize; meant \describe ? checkRd: (-1) plot.SRCS.Rd:89: Lost braces in \itemize; meant \describe ? checkRd: (-1) plot.SRCS.Rd:143-144: Lost braces in \itemize; meant \describe ? checkRd: (-1) plot.SRCS.Rd:145: Lost braces in \itemize; meant \describe ? checkRd: (-1) plot.SRCS.Rd:146-148: Lost braces in \itemize; meant \describe ? checkRd: (-1) plot.SRCS.Rd:149: Lost braces in \itemize; meant \describe ? Flavors: r-devel-linux-x86_64-debian-clang, r-devel-linux-x86_64-debian-gcc, r-devel-linux-x86_64-fedora-clang, r-devel-linux-x86_64-fedora-gcc, r-devel-windows-x86_64, r-patched-linux-x86_64, r-release-linux-x86_64, r-release-macos-arm64, r-release-macos-x86_64, r-release-windows-x86_64