Last updated on 2025-05-15 18:51:01 CEST.
Flavor | Version | Tinstall | Tcheck | Ttotal | Status | Flags |
---|---|---|---|---|---|---|
r-devel-linux-x86_64-debian-clang | 1.4-3.1 | 7.46 | 71.05 | 78.51 | NOTE | |
r-devel-linux-x86_64-debian-gcc | 1.4-3.1 | 5.47 | 52.39 | 57.86 | NOTE | |
r-devel-linux-x86_64-fedora-clang | 1.4-3.1 | 120.43 | OK | |||
r-devel-linux-x86_64-fedora-gcc | 1.4-3.1 | 115.93 | OK | |||
r-devel-windows-x86_64 | 1.4-3.1 | 10.00 | 104.00 | 114.00 | OK | |
r-patched-linux-x86_64 | 1.4-3.1 | 8.18 | 67.45 | 75.63 | OK | |
r-release-linux-x86_64 | 1.4-3.1 | 6.32 | 66.43 | 72.75 | OK | |
r-release-macos-arm64 | 1.4-3.1 | 41.00 | OK | |||
r-release-macos-x86_64 | 1.4-3.1 | 91.00 | OK | |||
r-release-windows-x86_64 | 1.4-3.1 | 10.00 | 105.00 | 115.00 | OK | |
r-oldrel-macos-arm64 | 1.4-3.1 | 36.00 | OK | |||
r-oldrel-macos-x86_64 | 1.4-3.1 | 64.00 | OK | |||
r-oldrel-windows-x86_64 | 1.4-3.1 | 12.00 | 117.00 | 129.00 | OK |
Version: 1.4-3.1
Check: CRAN incoming feasibility
Result: NOTE
Maintainer: ‘Alessandra R. Brazzale <brazzale@stat.unipd.it>’
No Authors@R field in DESCRIPTION.
Please add one, modifying
Authors@R: c(person(given = "Anthony",
family = "Davison",
role = "aut",
email = "Anthony.Davison@epfl.ch"),
person(given = c("Alessandra", "R."),
family = "Brazzale",
role = "cre",
email = "brazzale@stat.unipd.it"))
as necessary.
Flavors: r-devel-linux-x86_64-debian-clang, r-devel-linux-x86_64-debian-gcc