Last updated on 2025-11-26 05:51:50 CET.
| Flavor | Version | Tinstall | Tcheck | Ttotal | Status | Flags |
|---|---|---|---|---|---|---|
| r-devel-linux-x86_64-debian-clang | 1.0.1 | 6.22 | 210.23 | 216.45 | NOTE | |
| r-devel-linux-x86_64-debian-gcc | 1.0.1 | 4.70 | 201.15 | 205.85 | NOTE | |
| r-devel-linux-x86_64-fedora-clang | 1.0.1 | 13.00 | 329.19 | 342.19 | OK | |
| r-devel-linux-x86_64-fedora-gcc | 1.0.1 | 13.00 | 363.32 | 376.32 | OK | |
| r-devel-windows-x86_64 | 1.0.1 | 8.00 | 261.00 | 269.00 | OK | |
| r-patched-linux-x86_64 | 1.0.1 | 6.59 | 305.44 | 312.03 | OK | |
| r-release-linux-x86_64 | 1.0.1 | 5.67 | 304.35 | 310.02 | OK | |
| r-release-macos-arm64 | 1.0.1 | OK | ||||
| r-release-macos-x86_64 | 1.0.1 | 5.00 | 357.00 | 362.00 | OK | |
| r-release-windows-x86_64 | 1.0.1 | 8.00 | 292.00 | 300.00 | OK | |
| r-oldrel-macos-arm64 | 1.0.1 | OK | ||||
| r-oldrel-macos-x86_64 | 1.0.1 | 4.00 | 243.00 | 247.00 | OK | |
| r-oldrel-windows-x86_64 | 1.0.1 | 11.00 | 381.00 | 392.00 | OK |
Version: 1.0.1
Check: CRAN incoming feasibility
Result: NOTE
Maintainer: ‘Jocelyn Chi <jocetchi@gmail.com>’
Package CITATION file contains call(s) to old-style citEntry(). Please
use bibentry() instead.
The Description field contains
Hsiao, Lin, Wang, Lee, Lu, and Tzeng. (2021+) <arXiv:2105.03228>.
Please refer to arXiv e-prints via their arXiv DOI <doi:10.48550/arXiv.YYMM.NNNNN>.
Flavors: r-devel-linux-x86_64-debian-clang, r-devel-linux-x86_64-debian-gcc