CRAN Package Check Results for Package SC2API

Last updated on 2025-02-05 17:50:07 CET.

Flavor Version Tinstall Tcheck Ttotal Status Flags
r-devel-linux-x86_64-debian-clang 1.0.0 2.40 38.13 40.53 OK
r-devel-linux-x86_64-debian-gcc 1.0.0 1.87 29.01 30.88 OK
r-devel-linux-x86_64-fedora-clang 1.0.0 68.47 OK
r-devel-linux-x86_64-fedora-gcc 1.0.0 74.82 OK
r-devel-windows-x86_64 1.0.0 5.00 67.00 72.00 OK
r-patched-linux-x86_64 1.0.0 3.11 35.65 38.76 NOTE
r-release-linux-x86_64 1.0.0 2.56 35.81 38.37 NOTE
r-release-macos-arm64 1.0.0 32.00 NOTE
r-release-macos-x86_64 1.0.0 46.00 NOTE
r-release-windows-x86_64 1.0.0 5.00 65.00 70.00 NOTE
r-oldrel-macos-arm64 1.0.0 31.00 NOTE
r-oldrel-macos-x86_64 1.0.0 40.00 NOTE
r-oldrel-windows-x86_64 1.0.0 4.00 69.00 73.00 NOTE

Check Details

Version: 1.0.0
Check: LazyData
Result: NOTE 'LazyData' is specified without a 'data' directory Flavors: r-patched-linux-x86_64, r-release-linux-x86_64, r-release-macos-arm64, r-release-macos-x86_64, r-release-windows-x86_64, r-oldrel-macos-arm64, r-oldrel-macos-x86_64, r-oldrel-windows-x86_64