Last updated on 2025-11-26 05:51:50 CET.
| Flavor | Version | Tinstall | Tcheck | Ttotal | Status | Flags |
|---|---|---|---|---|---|---|
| r-devel-linux-x86_64-debian-clang | 1.1 | 1.92 | 22.93 | 24.85 | NOTE | |
| r-devel-linux-x86_64-debian-gcc | 1.1 | 1.46 | 19.04 | 20.50 | NOTE | |
| r-devel-linux-x86_64-fedora-clang | 1.1 | 36.15 | OK | |||
| r-devel-linux-x86_64-fedora-gcc | 1.1 | 35.38 | OK | |||
| r-devel-windows-x86_64 | 1.1 | 6.00 | 45.00 | 51.00 | OK | |
| r-patched-linux-x86_64 | 1.1 | 1.84 | 21.82 | 23.66 | OK | |
| r-release-linux-x86_64 | 1.1 | 1.71 | 21.81 | 23.52 | OK | |
| r-release-macos-arm64 | 1.1 | OK | ||||
| r-release-macos-x86_64 | 1.1 | 2.00 | 25.00 | 27.00 | OK | |
| r-release-windows-x86_64 | 1.1 | 4.00 | 58.00 | 62.00 | OK | |
| r-oldrel-macos-arm64 | 1.1 | OK | ||||
| r-oldrel-macos-x86_64 | 1.1 | 2.00 | 24.00 | 26.00 | OK | |
| r-oldrel-windows-x86_64 | 1.1 | 3.00 | 52.00 | 55.00 | OK |
Version: 1.1
Check: CRAN incoming feasibility
Result: NOTE
Maintainer: ‘Alireza S. Mahani <alireza.s.mahani@gmail.com>’
No Authors@R field in DESCRIPTION.
Please add one, modifying
Authors@R: c(person(given = c("Mansour", "T.A."),
family = "Sharabiani",
role = "aut"),
person(given = c("Alireza", "S."),
family = "Mahani",
role = c("aut", "cre"),
email = "alireza.s.mahani@gmail.com"))
as necessary.
Flavors: r-devel-linux-x86_64-debian-clang, r-devel-linux-x86_64-debian-gcc