CRAN Package Check Results for Package SADISA

Last updated on 2025-11-26 05:51:50 CET.

Flavor Version Tinstall Tcheck Ttotal Status Flags
r-devel-linux-x86_64-debian-clang 1.2 3.50 33.55 37.05 NOTE
r-devel-linux-x86_64-debian-gcc 1.2 2.62 25.74 28.36 NOTE
r-devel-linux-x86_64-fedora-clang 1.2 60.28 OK
r-devel-linux-x86_64-fedora-gcc 1.2 74.34 OK
r-devel-windows-x86_64 1.2 8.00 54.00 62.00 OK
r-patched-linux-x86_64 1.2 3.97 31.65 35.62 OK
r-release-linux-x86_64 1.2 3.86 32.01 35.87 OK
r-release-macos-arm64 1.2 OK
r-release-macos-x86_64 1.2 3.00 49.00 52.00 OK
r-release-windows-x86_64 1.2 6.00 54.00 60.00 OK
r-oldrel-macos-arm64 1.2 OK
r-oldrel-macos-x86_64 1.2 3.00 36.00 39.00 OK
r-oldrel-windows-x86_64 1.2 9.00 62.00 71.00 OK

Check Details

Version: 1.2
Check: CRAN incoming feasibility
Result: NOTE Maintainer: ‘Rampal S. Etienne <r.s.etienne@rug.nl>’ No Authors@R field in DESCRIPTION. Please add one, modifying Authors@R: c(person(given = c("Rampal", "S.", "Etienne", "&", "Bart"), family = "Haegeman", role = "aut"), person(given = c("Rampal", "S."), family = "Etienne", role = "cre", email = "r.s.etienne@rug.nl")) as necessary. Flavors: r-devel-linux-x86_64-debian-clang, r-devel-linux-x86_64-debian-gcc