Last updated on 2024-08-16 06:50:10 CEST.
Flavor | Version | Tinstall | Tcheck | Ttotal | Status | Flags |
---|---|---|---|---|---|---|
r-devel-linux-x86_64-debian-clang | 0.9.1 | 1.75 | 24.40 | 26.15 | NOTE | |
r-devel-linux-x86_64-debian-gcc | 0.9.1 | 1.59 | 18.68 | 20.27 | NOTE | |
r-devel-linux-x86_64-fedora-clang | 0.9.1 | 42.14 | NOTE | |||
r-devel-linux-x86_64-fedora-gcc | 0.9.1 | 41.63 | NOTE | |||
r-devel-windows-x86_64 | 0.9.1 | 3.00 | 44.00 | 47.00 | NOTE | |
r-patched-linux-x86_64 | 0.9.1 | 1.79 | 22.88 | 24.67 | NOTE | |
r-release-linux-x86_64 | 0.9.1 | 1.51 | 23.71 | 25.22 | NOTE | |
r-release-macos-arm64 | 0.9.1 | 15.00 | NOTE | |||
r-release-macos-x86_64 | 0.9.1 | 24.00 | NOTE | |||
r-release-windows-x86_64 | 0.9.1 | 3.00 | 46.00 | 49.00 | NOTE | |
r-oldrel-macos-arm64 | 0.9.1 | 18.00 | OK | |||
r-oldrel-macos-x86_64 | 0.9.1 | 22.00 | OK | |||
r-oldrel-windows-x86_64 | 0.9.1 | 2.00 | 46.00 | 48.00 | OK |
Version: 0.9.1
Check: Rd files
Result: NOTE
checkRd: (-1) RivivcA.Rd:7: Lost braces
7 | This is the major function to be called where numerical convolution ad/or deconvolution might be used for a linear in vitro in vivo correlation level A. It performes either numerical convolution via /code{NumConv()} or deconvolution via /code{NumDeconv()} and correlates their results with the known.data object via linear regression \code{lm()}. If you just want raw results of convolution/deconvolution then call explicitely \code{\link{NumConv}} or \code{link{NumDeconv}}
| ^
checkRd: (-1) RivivcA.Rd:7: Lost braces
7 | This is the major function to be called where numerical convolution ad/or deconvolution might be used for a linear in vitro in vivo correlation level A. It performes either numerical convolution via /code{NumConv()} or deconvolution via /code{NumDeconv()} and correlates their results with the known.data object via linear regression \code{lm()}. If you just want raw results of convolution/deconvolution then call explicitely \code{\link{NumConv}} or \code{link{NumDeconv}}
| ^
Flavors: r-devel-linux-x86_64-debian-clang, r-devel-linux-x86_64-debian-gcc, r-devel-linux-x86_64-fedora-clang, r-devel-linux-x86_64-fedora-gcc, r-devel-windows-x86_64, r-patched-linux-x86_64, r-release-linux-x86_64, r-release-macos-arm64, r-release-macos-x86_64, r-release-windows-x86_64