CRAN Package Check Results for Package Rita

Last updated on 2025-02-05 17:50:06 CET.

Flavor Version Tinstall Tcheck Ttotal Status Flags
r-devel-linux-x86_64-debian-clang 1.2.0 2.84 28.25 31.09 OK
r-devel-linux-x86_64-debian-gcc 1.2.0 2.10 21.05 23.15 OK
r-devel-linux-x86_64-fedora-clang 1.2.0 52.94 NOTE
r-devel-linux-x86_64-fedora-gcc 1.2.0 49.05 NOTE
r-devel-windows-x86_64 1.2.0 3.00 59.00 62.00 OK
r-patched-linux-x86_64 1.2.0 3.13 26.72 29.85 OK
r-release-linux-x86_64 1.2.0 2.84 27.44 30.28 OK
r-release-macos-arm64 1.2.0 17.00 OK
r-release-macos-x86_64 1.2.0 28.00 OK
r-release-windows-x86_64 1.2.0 4.00 50.00 54.00 OK
r-oldrel-macos-arm64 1.2.0 19.00 OK
r-oldrel-macos-x86_64 1.2.0 26.00 OK
r-oldrel-windows-x86_64 1.2.0 4.00 56.00 60.00 OK

Check Details

Version: 1.2.0
Check: dependencies in R code
Result: NOTE Namespace in Imports field not imported from: ‘base’ All declared Imports should be used. Flavors: r-devel-linux-x86_64-fedora-clang, r-devel-linux-x86_64-fedora-gcc