Last updated on 2025-11-04 13:50:23 CET.
| Flavor | Version | Tinstall | Tcheck | Ttotal | Status | Flags |
|---|---|---|---|---|---|---|
| r-devel-linux-x86_64-debian-clang | 1.2.1 | 14.63 | 153.38 | 168.01 | OK | |
| r-devel-linux-x86_64-debian-gcc | 1.2.1 | 8.18 | 101.07 | 109.25 | OK | |
| r-devel-linux-x86_64-fedora-clang | 1.2.1 | 59.00 | 212.37 | 271.37 | OK | |
| r-devel-linux-x86_64-fedora-gcc | 1.2.1 | 28.00 | 218.26 | 246.26 | OK | |
| r-devel-windows-x86_64 | 1.2.1 | 18.00 | 155.00 | 173.00 | OK | |
| r-patched-linux-x86_64 | 1.2.1 | 15.22 | 141.39 | 156.61 | OK | |
| r-release-linux-x86_64 | 1.2.1 | 0.33 | 1.81 | 2.14 | ERROR | |
| r-release-macos-arm64 | 1.2.1 | 5.00 | 51.00 | 56.00 | OK | |
| r-release-macos-x86_64 | 1.2.1 | 10.00 | 96.00 | 106.00 | OK | |
| r-release-windows-x86_64 | 1.2.1 | 17.00 | 151.00 | 168.00 | OK | |
| r-oldrel-macos-arm64 | 1.2.1 | 5.00 | 49.00 | 54.00 | OK | |
| r-oldrel-macos-x86_64 | 1.2.1 | 8.00 | 74.00 | 82.00 | OK | |
| r-oldrel-windows-x86_64 | 1.2.1 | 22.00 | 199.00 | 221.00 | OK |
Version: 1.2.1
Check: package dependencies
Result: ERROR
Packages required but not available: 'ggtree', 'treeio'
See section ‘The DESCRIPTION file’ in the ‘Writing R Extensions’
manual.
Flavor: r-release-linux-x86_64