CRAN Package Check Results for Package ResidentialEnergyConsumption

Last updated on 2025-11-26 05:51:48 CET.

Flavor Version Tinstall Tcheck Ttotal Status Flags
r-devel-linux-x86_64-debian-clang 1.1.0 4.75 21.69 26.44 NOTE
r-devel-linux-x86_64-debian-gcc 1.1.0 4.48 18.13 22.61 NOTE
r-devel-linux-x86_64-fedora-clang 1.1.0 17.00 23.72 40.72 OK
r-devel-linux-x86_64-fedora-gcc 1.1.0 37.71 OK
r-devel-windows-x86_64 1.1.0 6.00 38.00 44.00 OK
r-patched-linux-x86_64 1.1.0 6.06 20.90 26.96 OK
r-release-linux-x86_64 1.1.0 4.72 20.90 25.62 OK
r-release-macos-arm64 1.1.0 OK
r-release-macos-x86_64 1.1.0 6.00 27.00 33.00 OK
r-release-windows-x86_64 1.1.0 5.00 38.00 43.00 OK
r-oldrel-macos-arm64 1.1.0 OK
r-oldrel-macos-x86_64 1.1.0 5.00 22.00 27.00 NOTE
r-oldrel-windows-x86_64 1.1.0 5.00 40.00 45.00 OK

Check Details

Version: 1.1.0
Check: CRAN incoming feasibility
Result: NOTE Maintainer: ‘Konstantin Hopf <konstantin.hopf@uni-bamberg.de>’ Package CITATION file contains call(s) to old-style citEntry(). Please use bibentry() instead. Flavors: r-devel-linux-x86_64-debian-clang, r-devel-linux-x86_64-debian-gcc

Version: 1.1.0
Check: installed package size
Result: NOTE installed size is 5.6Mb sub-directories of 1Mb or more: data 5.5Mb Flavor: r-oldrel-macos-x86_64