Last updated on 2025-02-05 17:50:06 CET.
Flavor | Version | Tinstall | Tcheck | Ttotal | Status | Flags |
---|---|---|---|---|---|---|
r-devel-linux-x86_64-debian-clang | 1.1.0 | 4.82 | 20.46 | 25.28 | OK | |
r-devel-linux-x86_64-debian-gcc | 1.1.0 | 4.16 | 15.68 | 19.84 | OK | |
r-devel-linux-x86_64-fedora-clang | 1.1.0 | 38.94 | OK | |||
r-devel-linux-x86_64-fedora-gcc | 1.1.0 | 39.15 | OK | |||
r-devel-windows-x86_64 | 1.1.0 | 5.00 | 40.00 | 45.00 | OK | |
r-patched-linux-x86_64 | 1.1.0 | 4.85 | 18.83 | 23.68 | OK | |
r-release-linux-x86_64 | 1.1.0 | 4.49 | 19.46 | 23.95 | OK | |
r-release-macos-arm64 | 1.1.0 | 18.00 | OK | |||
r-release-macos-x86_64 | 1.1.0 | 27.00 | NOTE | |||
r-release-windows-x86_64 | 1.1.0 | 5.00 | 40.00 | 45.00 | OK | |
r-oldrel-macos-arm64 | 1.1.0 | 19.00 | OK | |||
r-oldrel-macos-x86_64 | 1.1.0 | 25.00 | NOTE | |||
r-oldrel-windows-x86_64 | 1.1.0 | 7.00 | 42.00 | 49.00 | OK |
Version: 1.1.0
Check: installed package size
Result: NOTE
installed size is 5.6Mb
sub-directories of 1Mb or more:
data 5.5Mb
Flavors: r-release-macos-x86_64, r-oldrel-macos-x86_64