CRAN Package Check Results for Package Rcsdp

Last updated on 2025-02-05 17:50:05 CET.

Flavor Version Tinstall Tcheck Ttotal Status Flags
r-devel-linux-x86_64-debian-clang 0.1.57.5 11.32 23.56 34.88 NOTE
r-devel-linux-x86_64-debian-gcc 0.1.57.5 8.89 18.35 27.24 NOTE
r-devel-linux-x86_64-fedora-clang 0.1.57.5 56.25 NOTE
r-devel-linux-x86_64-fedora-gcc 0.1.57.5 58.30 NOTE
r-devel-windows-x86_64 0.1.57.5 25.00 46.00 71.00 OK
r-patched-linux-x86_64 0.1.57.5 10.40 21.69 32.09 OK
r-release-linux-x86_64 0.1.57.5 10.62 22.08 32.70 OK
r-release-macos-arm64 0.1.57.5 30.00 OK
r-release-macos-x86_64 0.1.57.5 37.00 OK
r-release-windows-x86_64 0.1.57.5 25.00 44.00 69.00 OK
r-oldrel-macos-arm64 0.1.57.5 27.00 OK
r-oldrel-macos-x86_64 0.1.57.5 52.00 OK
r-oldrel-windows-x86_64 0.1.57.5 27.00 46.00 73.00 OK

Check Details

Version: 0.1.57.5
Check: top-level files
Result: NOTE possible bashism in configure.ac line 19 (test -a/-o): if test [-n "$PKG_CFLAGS" -a -n "$PKG_CPPFLAGS" -a -n "$PKG_LIBS"] ; then possible bashism in configure.ac line 22 (test -a/-o): if test [-n "$PKG_CFLAGS" -o -n "$PKG_CPPFLAGS" -o -n "$PKG_LIBS"] ; then possible bashism in configure.ac line 38 (test -a/-o): if test [-z "$FOUND_ALL" -a -n "$CSDP_DIR"] ; then possible bashism in configure.ac line 87 (should be 'b = a'): if test "${ac_cv_header_declarations_h}" == no; then Flavors: r-devel-linux-x86_64-debian-clang, r-devel-linux-x86_64-debian-gcc, r-devel-linux-x86_64-fedora-clang, r-devel-linux-x86_64-fedora-gcc