Last updated on 2025-02-10 17:49:20 CET.
Flavor | Version | Tinstall | Tcheck | Ttotal | Status | Flags |
---|---|---|---|---|---|---|
r-devel-linux-x86_64-debian-clang | 0.2.2 | 13.48 | 101.17 | 114.65 | OK | |
r-devel-linux-x86_64-debian-gcc | 0.2.2 | 11.25 | 71.87 | 83.12 | OK | |
r-devel-linux-x86_64-fedora-clang | 0.2.2 | 180.36 | OK | |||
r-devel-linux-x86_64-fedora-gcc | 0.2.2 | 165.50 | OK | |||
r-devel-windows-x86_64 | 0.2.2 | 13.00 | 103.00 | 116.00 | OK | |
r-patched-linux-x86_64 | 0.2.2 | 13.64 | 93.18 | 106.82 | NOTE | |
r-release-linux-x86_64 | 0.2.2 | 13.05 | 93.09 | 106.14 | NOTE | |
r-release-macos-arm64 | 0.2.2 | 51.00 | NOTE | |||
r-release-macos-x86_64 | 0.2.2 | 71.00 | NOTE | |||
r-release-windows-x86_64 | 0.2.2 | 13.00 | 100.00 | 113.00 | NOTE | |
r-oldrel-macos-arm64 | 0.2.2 | 53.00 | NOTE | |||
r-oldrel-macos-x86_64 | 0.2.2 | 90.00 | NOTE | |||
r-oldrel-windows-x86_64 | 0.2.2 | 17.00 | 128.00 | 145.00 | NOTE |
Version: 0.2.2
Check: LazyData
Result: NOTE
'LazyData' is specified without a 'data' directory
Flavors: r-patched-linux-x86_64, r-release-linux-x86_64, r-release-macos-arm64, r-release-macos-x86_64, r-release-windows-x86_64, r-oldrel-macos-arm64, r-oldrel-macos-x86_64, r-oldrel-windows-x86_64