Last updated on 2025-02-10 17:49:21 CET.
Flavor | Version | Tinstall | Tcheck | Ttotal | Status | Flags |
---|---|---|---|---|---|---|
r-devel-linux-x86_64-debian-clang | 2.4.2 | 5.23 | 34.86 | 40.09 | OK | |
r-devel-linux-x86_64-debian-gcc | 2.4.2 | 3.27 | 26.50 | 29.77 | OK | |
r-devel-linux-x86_64-fedora-clang | 2.4.2 | 65.03 | NOTE | |||
r-devel-linux-x86_64-fedora-gcc | 2.4.2 | 60.81 | NOTE | |||
r-devel-windows-x86_64 | 2.4.2 | 8.00 | 56.00 | 64.00 | OK | |
r-patched-linux-x86_64 | 2.4.2 | 4.56 | 33.46 | 38.02 | OK | |
r-release-linux-x86_64 | 2.4.2 | 4.54 | 33.47 | 38.01 | OK | |
r-release-macos-arm64 | 2.4.2 | 23.00 | OK | |||
r-release-macos-x86_64 | 2.4.2 | 33.00 | OK | |||
r-release-windows-x86_64 | 2.4.2 | 8.00 | 56.00 | 64.00 | OK | |
r-oldrel-macos-arm64 | 2.4.2 | 22.00 | OK | |||
r-oldrel-macos-x86_64 | 2.4.2 | 40.00 | OK | |||
r-oldrel-windows-x86_64 | 2.4.2 | 8.00 | 62.00 | 70.00 | OK |
Version: 2.4.2
Check: compiled code
Result: NOTE
File ‘RSKC/libs/RSKC.so’:
Found no calls to: ‘R_registerRoutines’, ‘R_useDynamicSymbols’
It is good practice to register native routines and to disable symbol
search.
See ‘Writing portable packages’ in the ‘Writing R Extensions’ manual.
Flavors: r-devel-linux-x86_64-fedora-clang, r-devel-linux-x86_64-fedora-gcc