Last updated on 2025-11-26 05:51:49 CET.
| Flavor | Version | Tinstall | Tcheck | Ttotal | Status | Flags |
|---|---|---|---|---|---|---|
| r-devel-linux-x86_64-debian-clang | 2.4.2 | 4.97 | 37.06 | 42.03 | NOTE | |
| r-devel-linux-x86_64-debian-gcc | 2.4.2 | 3.95 | 28.73 | 32.68 | NOTE | |
| r-devel-linux-x86_64-fedora-clang | 2.4.2 | 11.00 | 53.09 | 64.09 | NOTE | |
| r-devel-linux-x86_64-fedora-gcc | 2.4.2 | 10.00 | 51.49 | 61.49 | NOTE | |
| r-devel-windows-x86_64 | 2.4.2 | 11.00 | 54.00 | 65.00 | OK | |
| r-patched-linux-x86_64 | 2.4.2 | 5.35 | 35.27 | 40.62 | OK | |
| r-release-linux-x86_64 | 2.4.2 | 5.41 | 34.96 | 40.37 | OK | |
| r-release-macos-arm64 | 2.4.2 | OK | ||||
| r-release-macos-x86_64 | 2.4.2 | 9.00 | 54.00 | 63.00 | OK | |
| r-release-windows-x86_64 | 2.4.2 | 7.00 | 70.00 | 77.00 | OK | |
| r-oldrel-macos-arm64 | 2.4.2 | OK | ||||
| r-oldrel-macos-x86_64 | 2.4.2 | 5.00 | 28.00 | 33.00 | OK | |
| r-oldrel-windows-x86_64 | 2.4.2 | 7.00 | 60.00 | 67.00 | OK |
Version: 2.4.2
Check: CRAN incoming feasibility
Result: NOTE
Maintainer: ‘Yumi Kondo <y.kondo@stat.ubc.ca>’
No Authors@R field in DESCRIPTION.
Please add one, modifying
Authors@R: person(given = "Yumi",
family = "Kondo",
role = c("aut", "cre"),
email = "y.kondo@stat.ubc.ca")
as necessary.
Flavors: r-devel-linux-x86_64-debian-clang, r-devel-linux-x86_64-debian-gcc
Version: 2.4.2
Check: compiled code
Result: NOTE
File ‘RSKC/libs/RSKC.so’:
Found no calls to: ‘R_registerRoutines’, ‘R_useDynamicSymbols’
It is good practice to register native routines and to disable symbol
search.
See ‘Writing portable packages’ in the ‘Writing R Extensions’ manual.
Flavors: r-devel-linux-x86_64-fedora-clang, r-devel-linux-x86_64-fedora-gcc