Last updated on 2024-06-15 17:57:43 CEST.
Flavor | Version | Tinstall | Tcheck | Ttotal | Status | Flags |
---|---|---|---|---|---|---|
r-devel-linux-x86_64-debian-clang | 1.4.0 | 12.98 | 99.80 | 112.78 | NOTE | |
r-devel-linux-x86_64-debian-gcc | 1.4.0 | 10.12 | 71.97 | 82.09 | NOTE | |
r-devel-linux-x86_64-fedora-clang | 1.4.0 | 137.56 | NOTE | |||
r-devel-linux-x86_64-fedora-gcc | 1.4.0 | 140.57 | NOTE | |||
r-devel-windows-x86_64 | 1.4.0 | 10.00 | 96.00 | 106.00 | NOTE | |
r-patched-linux-x86_64 | 1.4.0 | 17.58 | 95.38 | 112.96 | NOTE | |
r-release-linux-x86_64 | 1.4.0 | 11.10 | 93.22 | 104.32 | NOTE | |
r-release-macos-arm64 | 1.4.0 | 40.00 | NOTE | |||
r-release-macos-x86_64 | 1.4.0 | 72.00 | NOTE | |||
r-release-windows-x86_64 | 1.4.0 | 12.00 | 95.00 | 107.00 | NOTE | |
r-oldrel-macos-arm64 | 1.4.0 | 47.00 | OK | |||
r-oldrel-macos-x86_64 | 1.4.0 | 68.00 | OK | |||
r-oldrel-windows-x86_64 | 1.4.0 | 15.00 | 110.00 | 125.00 | OK |
Version: 1.4.0
Check: Rd files
Result: NOTE
checkRd: (-1) landslides.Rd:11-21: Lost braces in \enumerate; meant \describe ?
checkRd: (-1) landslides.Rd:16: Lost braces in \itemize; meant \describe ?
checkRd: (-1) landslides.Rd:17-18: Lost braces in \itemize; meant \describe ?
checkRd: (-1) landslides.Rd:22-26: Lost braces
22 | \item \code{dem} {Digital elevation model given as a .Rd grid, i.e. a list
| ^
checkRd: (-1) landslides.Rd:27-28: Lost braces
27 | \item \code{study_area} {An \code{sf}-object representing the outlines of
| ^
checkRd: (-1) rsaga.get.modules.Rd:68: Lost braces in \itemize; \value handles \item{}{} directly
checkRd: (-1) rsaga.get.modules.Rd:69: Lost braces in \itemize; \value handles \item{}{} directly
checkRd: (-1) rsaga.get.modules.Rd:70: Lost braces in \itemize; \value handles \item{}{} directly
Flavors: r-devel-linux-x86_64-debian-clang, r-devel-linux-x86_64-debian-gcc, r-devel-linux-x86_64-fedora-clang, r-devel-linux-x86_64-fedora-gcc, r-devel-windows-x86_64, r-patched-linux-x86_64, r-release-linux-x86_64, r-release-macos-arm64, r-release-macos-x86_64, r-release-windows-x86_64