CRAN Package Check Results for Package RSAGA

Last updated on 2025-02-05 17:50:07 CET.

Flavor Version Tinstall Tcheck Ttotal Status Flags
r-devel-linux-x86_64-debian-clang 1.4.0 8.17 78.41 86.58 NOTE
r-devel-linux-x86_64-debian-gcc 1.4.0 6.89 52.88 59.77 NOTE
r-devel-linux-x86_64-fedora-clang 1.4.2 146.34 OK
r-devel-linux-x86_64-fedora-gcc 1.4.2 152.94 OK
r-devel-windows-x86_64 1.4.0 12.00 96.00 108.00 NOTE
r-patched-linux-x86_64 1.4.0 16.82 72.13 88.95 NOTE
r-release-linux-x86_64 1.4.0 8.64 72.11 80.75 NOTE
r-release-macos-arm64 1.4.2 59.00 OK
r-release-macos-x86_64 1.4.2 98.00 OK
r-release-windows-x86_64 1.4.0 12.00 95.00 107.00 NOTE
r-oldrel-macos-arm64 1.4.0 47.00 OK
r-oldrel-macos-x86_64 1.4.0 68.00 OK
r-oldrel-windows-x86_64 1.4.2 12.00 122.00 134.00 OK

Check Details

Version: 1.4.0
Check: Rd files
Result: NOTE checkRd: (-1) landslides.Rd:11-21: Lost braces in \enumerate; meant \describe ? checkRd: (-1) landslides.Rd:16: Lost braces in \itemize; meant \describe ? checkRd: (-1) landslides.Rd:17-18: Lost braces in \itemize; meant \describe ? checkRd: (-1) landslides.Rd:22-26: Lost braces 22 | \item \code{dem} {Digital elevation model given as a .Rd grid, i.e. a list | ^ checkRd: (-1) landslides.Rd:27-28: Lost braces 27 | \item \code{study_area} {An \code{sf}-object representing the outlines of | ^ checkRd: (-1) rsaga.get.modules.Rd:68: Lost braces in \itemize; \value handles \item{}{} directly checkRd: (-1) rsaga.get.modules.Rd:69: Lost braces in \itemize; \value handles \item{}{} directly checkRd: (-1) rsaga.get.modules.Rd:70: Lost braces in \itemize; \value handles \item{}{} directly Flavors: r-devel-linux-x86_64-debian-clang, r-devel-linux-x86_64-debian-gcc, r-devel-windows-x86_64, r-patched-linux-x86_64, r-release-linux-x86_64, r-release-windows-x86_64

Version: 1.4.0
Check: Rd cross-references
Result: NOTE Found the following Rd file(s) with Rd \link{} targets missing package anchors: pick.from.points.Rd: vgm, krige Please provide package anchors for all Rd \link{} targets not in the package itself and the base packages. Flavors: r-devel-linux-x86_64-debian-clang, r-devel-linux-x86_64-debian-gcc, r-devel-windows-x86_64