CRAN Package Check Results for Package RRedshiftSQL

Last updated on 2025-02-10 17:49:21 CET.

Flavor Version Tinstall Tcheck Ttotal Status Flags
r-devel-linux-x86_64-debian-clang 0.1.2 2.85 24.16 27.01 OK
r-devel-linux-x86_64-debian-gcc 0.1.2 2.27 18.65 20.92 OK
r-devel-linux-x86_64-fedora-clang 0.1.2 44.24 OK
r-devel-linux-x86_64-fedora-gcc 0.1.2 41.32 OK
r-devel-windows-x86_64 0.1.2 3.00 43.00 46.00 OK
r-patched-linux-x86_64 0.1.2 2.92 22.80 25.72 NOTE
r-release-linux-x86_64 0.1.2 2.67 22.93 25.60 NOTE
r-release-macos-arm64 0.1.2 18.00 NOTE
r-release-macos-x86_64 0.1.2 40.00 NOTE
r-release-windows-x86_64 0.1.2 4.00 43.00 47.00 NOTE
r-oldrel-macos-arm64 0.1.2 21.00 NOTE
r-oldrel-macos-x86_64 0.1.2 23.00 NOTE
r-oldrel-windows-x86_64 0.1.2 4.00 48.00 52.00 NOTE

Check Details

Version: 0.1.2
Check: LazyData
Result: NOTE 'LazyData' is specified without a 'data' directory Flavors: r-patched-linux-x86_64, r-release-linux-x86_64, r-release-macos-arm64, r-release-macos-x86_64, r-release-windows-x86_64, r-oldrel-macos-arm64, r-oldrel-macos-x86_64, r-oldrel-windows-x86_64