Last updated on 2025-02-10 17:49:21 CET.
Flavor | Version | Tinstall | Tcheck | Ttotal | Status | Flags |
---|---|---|---|---|---|---|
r-devel-linux-x86_64-debian-clang | 1.0 | 2.30 | 25.36 | 27.66 | NOTE | |
r-devel-linux-x86_64-debian-gcc | 1.0 | 1.60 | 20.64 | 22.24 | NOTE | |
r-devel-linux-x86_64-fedora-clang | 1.0 | 44.72 | NOTE | |||
r-devel-linux-x86_64-fedora-gcc | 1.0 | 42.11 | NOTE | |||
r-devel-windows-x86_64 | 1.0 | 3.00 | 53.00 | 56.00 | OK | |
r-patched-linux-x86_64 | 1.0 | 2.45 | 23.97 | 26.42 | NOTE | |
r-release-linux-x86_64 | 1.0 | 2.09 | 24.30 | 26.39 | NOTE | |
r-release-macos-arm64 | 1.0 | 18.00 | OK | |||
r-release-macos-x86_64 | 1.0 | 40.00 | OK | |||
r-release-windows-x86_64 | 1.0 | 3.00 | 51.00 | 54.00 | OK | |
r-oldrel-macos-arm64 | 1.0 | 18.00 | OK | |||
r-oldrel-macos-x86_64 | 1.0 | 25.00 | OK | |||
r-oldrel-windows-x86_64 | 1.0 | 4.00 | 52.00 | 56.00 | OK |
Version: 1.0
Check: for non-standard things in the check directory
Result: NOTE
Found the following files/directories:
‘HL_H0.pdf’ ‘pi0infer.pdf’ ‘rate.txt’ ‘summary.txt’
Flavors: r-devel-linux-x86_64-debian-clang, r-devel-linux-x86_64-debian-gcc, r-devel-linux-x86_64-fedora-clang, r-devel-linux-x86_64-fedora-gcc, r-patched-linux-x86_64, r-release-linux-x86_64