Last updated on 2025-02-10 17:49:21 CET.
Flavor | Version | Tinstall | Tcheck | Ttotal | Status | Flags |
---|---|---|---|---|---|---|
r-devel-linux-x86_64-debian-clang | 1.1 | 23.98 | 33.46 | 57.44 | NOTE | |
r-devel-linux-x86_64-debian-gcc | 1.1 | 17.05 | 24.97 | 42.02 | NOTE | |
r-devel-linux-x86_64-fedora-clang | 1.1 | 104.22 | NOTE | |||
r-devel-linux-x86_64-fedora-gcc | 1.1 | 104.38 | NOTE | |||
r-devel-windows-x86_64 | 1.1 | 26.00 | 74.00 | 100.00 | NOTE | |
r-patched-linux-x86_64 | 1.1 | 23.81 | 31.46 | 55.27 | NOTE | |
r-release-linux-x86_64 | 1.1 | 24.20 | 31.52 | 55.72 | NOTE | |
r-release-macos-arm64 | 1.1 | 28.00 | NOTE | |||
r-release-macos-x86_64 | 1.1 | 51.00 | NOTE | |||
r-release-windows-x86_64 | 1.1 | 25.00 | 75.00 | 100.00 | NOTE | |
r-oldrel-macos-arm64 | 1.1 | 33.00 | NOTE | |||
r-oldrel-macos-x86_64 | 1.1 | 51.00 | NOTE | |||
r-oldrel-windows-x86_64 | 1.1 | 30.00 | 84.00 | 114.00 | NOTE |
Version: 1.1
Check: Rd files
Result: NOTE
checkRd: (-1) rrinf_clust.Rd:24: Lost braces; missing escapes or markup?
24 | \item{clustering}{A \code{List} that specifies a clustering of datapoint indexes {1, ..., n}. See \link{example_clustering} for details.}
| ^
checkRd: (-1) rrtest_clust.Rd:21: Lost braces; missing escapes or markup?
21 | \item{clustering}{A \code{List} that specifies a clustering of datapoint indexes {1, ..., n}.
| ^
Flavors: r-devel-linux-x86_64-debian-clang, r-devel-linux-x86_64-debian-gcc, r-devel-linux-x86_64-fedora-clang, r-devel-linux-x86_64-fedora-gcc, r-devel-windows-x86_64, r-patched-linux-x86_64, r-release-linux-x86_64, r-release-macos-arm64, r-release-macos-x86_64, r-release-windows-x86_64
Version: 1.1
Check: LazyData
Result: NOTE
'LazyData' is specified without a 'data' directory
Flavors: r-patched-linux-x86_64, r-release-linux-x86_64, r-release-macos-arm64, r-release-macos-x86_64, r-release-windows-x86_64, r-oldrel-macos-arm64, r-oldrel-macos-x86_64, r-oldrel-windows-x86_64