Last updated on 2025-11-26 05:51:49 CET.
| Flavor | Version | Tinstall | Tcheck | Ttotal | Status | Flags |
|---|---|---|---|---|---|---|
| r-devel-linux-x86_64-debian-clang | 1.9.4.1 | 7.21 | 33.96 | 41.17 | NOTE | |
| r-devel-linux-x86_64-debian-gcc | 1.9.4.1 | 5.09 | 25.80 | 30.89 | NOTE | |
| r-devel-linux-x86_64-fedora-clang | 1.9.4.1 | 16.00 | 45.45 | 61.45 | OK | |
| r-devel-linux-x86_64-fedora-gcc | 1.9.4.1 | 17.00 | 42.93 | 59.93 | OK | |
| r-devel-windows-x86_64 | 1.9.4.1 | 16.00 | 52.00 | 68.00 | OK | |
| r-patched-linux-x86_64 | 1.9.4.1 | 7.68 | 30.96 | 38.64 | OK | |
| r-release-linux-x86_64 | 1.9.4.1 | 7.23 | 31.00 | 38.23 | OK | |
| r-release-macos-arm64 | 1.9.4.1 | OK | ||||
| r-release-macos-x86_64 | 1.9.4.1 | 10.00 | 41.00 | 51.00 | OK | |
| r-release-windows-x86_64 | 1.9.4.1 | 14.00 | 63.00 | 77.00 | OK | |
| r-oldrel-macos-arm64 | 1.9.4.1 | OK | ||||
| r-oldrel-macos-x86_64 | 1.9.4.1 | 15.00 | 29.00 | 44.00 | OK | |
| r-oldrel-windows-x86_64 | 1.9.4.1 | 14.00 | 61.00 | 75.00 | OK |
Version: 1.9.4.1
Check: CRAN incoming feasibility
Result: NOTE
Maintainer: ‘Houtao Deng <softwaredeng@gmail.com>’
Package CITATION file contains call(s) to old-style personList() or
as.personList(). Please use c() on person objects instead.
Package CITATION file contains call(s) to old-style citEntry(). Please
use bibentry() instead.
Flavors: r-devel-linux-x86_64-debian-clang, r-devel-linux-x86_64-debian-gcc